{"id":1688,"date":"2019-03-06T13:29:24","date_gmt":"2019-03-06T12:29:24","guid":{"rendered":"https:\/\/amdg.ffrz.hr\/?page_id=1688"},"modified":"2019-06-05T16:07:19","modified_gmt":"2019-06-05T14:07:19","slug":"snaga-rijeci-u-krscanstvu-i-zidovstvu","status":"publish","type":"page","link":"https:\/\/amdg.ffrz.hr\/?page_id=1688","title":{"rendered":"Snaga rije\u010di u kr\u0161\u0107anstvu i \u017eidovstvu"},"content":{"rendered":"\n<figure class=\"wp-block-image\"><img decoding=\"async\" src=\"https:\/\/amdg.ffrz.hr\/amdg_grafike\/scrolls_big.jpg\" alt=\"\"\/><\/figure>\n\n\n\n<div class=\"wp-block-image\"><figure class=\"alignright is-resized\"><a href=\"https:\/\/amdg.ffrz.hr\/LogoFFRZ.jpg\"><img loading=\"lazy\" decoding=\"async\" src=\"https:\/\/amdg.ffrz.hr\/LogoFFRZ.jpg\" alt=\"\" width=\"128\" height=\"126\"\/><\/a><\/figure><\/div>\n\n\n\n<p><strong><a href=\"https:\/\/www.ffrz.hr\">FFRZ<\/a>: <\/strong>RP5123<strong> (ISVU: 3<\/strong>32242)<strong> ECTS 3,<\/strong><br><strong>350. akademska godina Sveu\u010dili\u0161ta u Zagrebu<\/strong><br><strong>ljetni semestar 2018.\/2019.<br>srijedom od 15: 15, seminar 004<br><\/strong>Fakultet filozofije i religijskih znanosti,<br>Zagreb, Jordanovac 110<\/p>\n\n\n\n<p style=\"text-align:right\">Stanje: <span style=\"color: #ff0000;\">5. 6. 2019. <\/span><\/p>\n\n\n\n<p>1) 6.3.19. <a href=\"https:\/\/amdg.ffrz.hr\/snagarijeci\/snagarijeci01_Post1.pdf\">Stvarala\u010dka snaga rije\u010di. Biblijski pogled na stvaranje svijeta i \u010dovjeka u Post 1,1-2,4 (PDF)<\/a> * (<a href=\"https:\/\/amdg.ffrz.hr\/snagarijeci\/snagarijeci01_Post1.ppt\">PPT<\/a>) * <a href=\"https:\/\/amdg.ffrz.hr\/post1.htm\">Dobrota u strukturi stvaranja<\/a> * <a href=\"https:\/\/youtu.be\/lcZBwR7xY3I\">Pogledajte: Stvaranje svijeta i \u010dovjeka<\/a> <\/p>\n\n\n\n<p>2) 13.3.19 <a href=\"https:\/\/amdg.ffrz.hr\/snagarijeci\/snagarijeci02_Post22.pdf\">Dijalog i poimanje \u017ertve. Ku\u0161nja praoca Abrahama u Post 22,1-19 (PDF)<\/a> * (<a href=\"https:\/\/amdg.ffrz.hr\/snagarijeci\/snagarijeci02_Post22.pdf\">PPT<\/a>) * <a href=\"https:\/\/amdg.ffrz.hr\/amdg_aiv\/sz\/sz07_post22.mp3\">Poslu\u0161ajte: Abrahamova ku\u0161nja (1. dio)<\/a> * <a href=\"https:\/\/amdg.ffrz.hr\/amdg_aiv\/sz\/sz07a_post22b.mp3\">(2. dio)<\/a> * <a href=\"https:\/\/youtu.be\/XStEGXcCygw\">Pogledajte: Abrahamova ku\u0161nja<\/a><\/p>\n\n\n\n<p>3) 20.3.19. <a href=\"https:\/\/amdg.ffrz.hr\/snagarijeci\/snagarijeci03_Post33.pdf\">Verbalna i neverbalna komunikacija kod pomirenja Ezava i Jakova. Post 33 u kontekstu (PDF)<\/a> * (<a href=\"https:\/\/amdg.ffrz.hr\/snagarijeci\/snagarijeci03_Post33.ppt\">PPT<\/a>) * <a href=\"https:\/\/amdg.eu\/2014\/03\/sukob-ezava-i-jakova\/\">Sukob Ezava i Jakova<\/a><\/p>\n\n\n\n<p>4) 27.3.19. <a href=\"https:\/\/amdg.ffrz.hr\/snagarijeci\/snagarijeci03_Post33.pdf\">Rije\u010d i identitet. Josip Egipatski i njegova bra\u0107a u Post 45<\/a> * (<a href=\"https:\/\/amdg.ffrz.hr\/snagarijeci\/snagarijeci04_Post45.pdf\">PPT<\/a>)<\/p>\n\n\n\n<p>5) 3.4.19. a) <a href=\"https:\/\/amdg.ffrz.hr\/snagarijeci\/snagarijeci05_Izl6.pdf\">Mojsijevo zvanje u Izl 6. Slu\u010dajno ili namjerno ponavljanje (PDF)<\/a> * (<a href=\"https:\/\/amdg.ffrz.hr\/snagarijeci\/snagarijeci05_Izl6.ppt\">PPT<\/a>); b) Biblijski Amalek u Izl 17,8-16<\/p>\n\n\n\n<p>6) 10.4.19. <a href=\"https:\/\/amdg.ffrz.hr\/snagarijeci\/snagarijeci06_Izl32.pdf\">&#8220;Zlatno tele&#8221;. Polo\u017eaj i zna\u010denje Izl 32 (PDF)<\/a> * (<a href=\"https:\/\/amdg.ffrz.hr\/snagarijeci\/snagarijeci06_Izl32.ppt\">PPT<\/a>) * <a href=\"https:\/\/amdg.ffrz.hr\/izl32.htm\">Zlatno tele<\/a> * <a href=\"https:\/\/amdg.eu\/2013\/04\/mojsije-u-molitvi\/\">Mojsije u molitvi<\/a> * <a href=\"https:\/\/youtu.be\/nLDcOg6i_6o\">Pogledajte: Sudbonosna pustinja (Izl 32)<\/a><\/p>\n\n\n\n<p>7) 8.5.19. <a href=\"https:\/\/amdg.ffrz.hr\/snagarijeci\/snagarijeci07_jotam.pdf\">Kako na\u0107i kralja? Jotamova basna u Suci 9,7-20 (PDF)<\/a> * (<a href=\"https:\/\/amdg.ffrz.hr\/snagarijeci\/snagarijeci07_jotam.ppt\">PPT<\/a>) * <a href=\"https:\/\/amdg.ffrz.hr\/snagarijeci\/snagarijeci07_jotam_rlist.doc\">Radni list (doc)<\/a> * Poslu\u0161ajte: <a href=\"https:\/\/amdg.ffrz.hr\/amdg_aiv\/sz\/sz28_abimelek.mp3\">Abimelek &#8211; prvi kralj? (audio)<\/a> * <a href=\"https:\/\/amdg.ffrz.hr\/amdg_aiv\/sz\/sz29_abimelek2.mp3\">Pozadina i zna\u010denje Abimelekova kraljevanja (audio)<\/a><\/p>\n\n\n\n<p>8) 15.5.19. Po\u010detci svesvjetskog simbola. Sukob Davida i Golijata u 1 Sam 17 * <a href=\"https:\/\/amdg.ffrz.hr\/david.pdf\">Pobijedi Golijata! (PDF)<\/a><\/p>\n\n\n\n<p>Kako je David drugi put po\u0161tedio \u0160aula (1 Sam 26) <\/p>\n\n\n\n<p>9) 22.5.19.  <a href=\"https:\/\/amdg.ffrz.hr\/snagarijeci\/snagarijeci09_Neh6.pdf\">Diplomacijom protiv atentata. Ustroj i poruka Neh 6 (PDF)<\/a> * (<a href=\"https:\/\/amdg.ffrz.hr\/snagarijeci\/snagarijeci09_Neh6.ppt\">PPT<\/a>) * <a href=\"https:\/\/amdg.ffrz.hr\/snagarijeci\/snagarijeci09_Neh6_rlist.doc\">Radni list (.doc) <\/a><\/p>\n\n\n\n<p>10) 29.5.19.  <a href=\"https:\/\/amdg.ffrz.hr\/snagarijeci\/snagarijeci10_emanuel.pdf\">Proro\u0161tvo o Emanuelu (Iz 7,14) u izvornom kontekstu (PDF)<\/a> * (<a href=\"https:\/\/amdg.ffrz.hr\/snagarijeci\/snagarijeci10_emanuel.ppt\">PPT<\/a>)  <\/p>\n\n\n\n<p>11)  <a href=\"https:\/\/amdg.ffrz.hr\/jr33.htm\">Nedoku\u010dive tajne proroka Jeremija. Kompozicija i zna\u010denje Jr 33<\/a> * <a href=\"https:\/\/amdg.ffrz.hr\/jr33.htm\">Jr33.ppt<\/a> <\/p>\n\n\n\n<p>12)  \u010cinim novo. Forma i sadr\u017eaj Bo\u017eje rije\u010di Iz 43,19 * <a href=\"https:\/\/amdg.ffrz.hr\/snagarijeci\/cinimnovo.pdf\">\u010cinim novo. Iz 43,19a u kontekstu &#8211; egzegetsko istra\u017eivanje (PDF)<\/a><\/p>\n","protected":false},"excerpt":{"rendered":"<p>FFRZ: RP5123 (ISVU: 332242) ECTS 3,350. akademska godina Sveu\u010dili\u0161ta u Zagrebuljetni semestar 2018.\/2019.srijedom od 15: 15, seminar 004Fakultet filozofije i religijskih znanosti,Zagreb, Jordanovac 110 Stanje: 5. 6. 2019. 1) 6.3.19. Stvarala\u010dka snaga rije\u010di. Biblijski pogled na stvaranje svijeta i \u010dovjeka u Post 1,1-2,4 (PDF) * (PPT) * Dobrota u strukturi stvaranja * Pogledajte: Stvaranje svijeta [&hellip;]<\/p>\n","protected":false},"author":1,"featured_media":0,"parent":0,"menu_order":0,"comment_status":"closed","ping_status":"closed","template":"","meta":{"footnotes":""},"class_list":["post-1688","page","type-page","status-publish","hentry"],"yoast_head":"<!-- This site is optimized with the Yoast SEO plugin v26.0 - https:\/\/yoast.com\/wordpress\/plugins\/seo\/ -->\n<title>Snaga rije\u010di u kr\u0161\u0107anstvu i \u017eidovstvu - Ad maiorem Dei gloriam<\/title>\n<meta name=\"robots\" content=\"index, follow, max-snippet:-1, max-image-preview:large, max-video-preview:-1\" \/>\n<link rel=\"canonical\" href=\"https:\/\/amdg.ffrz.hr\/?page_id=1688\" \/>\n<meta property=\"og:locale\" content=\"hr_HR\" \/>\n<meta property=\"og:type\" content=\"article\" \/>\n<meta property=\"og:title\" content=\"Snaga rije\u010di u kr\u0161\u0107anstvu i \u017eidovstvu - Ad maiorem Dei gloriam\" \/>\n<meta property=\"og:description\" content=\"FFRZ: RP5123 (ISVU: 332242) ECTS 3,350. akademska godina Sveu\u010dili\u0161ta u Zagrebuljetni semestar 2018.\/2019.srijedom od 15: 15, seminar 004Fakultet filozofije i religijskih znanosti,Zagreb, Jordanovac 110 Stanje: 5. 6. 2019. 1) 6.3.19. Stvarala\u010dka snaga rije\u010di. Biblijski pogled na stvaranje svijeta i \u010dovjeka u Post 1,1-2,4 (PDF) * (PPT) * Dobrota u strukturi stvaranja * Pogledajte: Stvaranje svijeta [&hellip;]\" \/>\n<meta property=\"og:url\" content=\"https:\/\/amdg.ffrz.hr\/?page_id=1688\" \/>\n<meta property=\"og:site_name\" content=\"Ad maiorem Dei gloriam\" \/>\n<meta property=\"article:publisher\" content=\"https:\/\/www.facebook.com\/paterniko\" \/>\n<meta property=\"article:modified_time\" content=\"2019-06-05T14:07:19+00:00\" \/>\n<meta property=\"og:image\" content=\"https:\/\/amdg.ffrz.hr\/amdg_grafike\/scrolls_big.jpg\" \/>\n<meta name=\"twitter:card\" content=\"summary_large_image\" \/>\n<meta name=\"twitter:label1\" content=\"Procijenjeno vrijeme \u010ditanja\" \/>\n\t<meta name=\"twitter:data1\" content=\"1 minuta\" \/>\n<script type=\"application\/ld+json\" class=\"yoast-schema-graph\">{\"@context\":\"https:\/\/schema.org\",\"@graph\":[{\"@type\":\"WebPage\",\"@id\":\"https:\/\/amdg.ffrz.hr\/?page_id=1688\",\"url\":\"https:\/\/amdg.ffrz.hr\/?page_id=1688\",\"name\":\"Snaga rije\u010di u kr\u0161\u0107anstvu i \u017eidovstvu - Ad maiorem Dei gloriam\",\"isPartOf\":{\"@id\":\"https:\/\/amdg.ffrz.hr\/#website\"},\"primaryImageOfPage\":{\"@id\":\"https:\/\/amdg.ffrz.hr\/?page_id=1688#primaryimage\"},\"image\":{\"@id\":\"https:\/\/amdg.ffrz.hr\/?page_id=1688#primaryimage\"},\"thumbnailUrl\":\"https:\/\/amdg.ffrz.hr\/amdg_grafike\/scrolls_big.jpg\",\"datePublished\":\"2019-03-06T12:29:24+00:00\",\"dateModified\":\"2019-06-05T14:07:19+00:00\",\"breadcrumb\":{\"@id\":\"https:\/\/amdg.ffrz.hr\/?page_id=1688#breadcrumb\"},\"inLanguage\":\"hr\",\"potentialAction\":[{\"@type\":\"ReadAction\",\"target\":[\"https:\/\/amdg.ffrz.hr\/?page_id=1688\"]}]},{\"@type\":\"ImageObject\",\"inLanguage\":\"hr\",\"@id\":\"https:\/\/amdg.ffrz.hr\/?page_id=1688#primaryimage\",\"url\":\"https:\/\/amdg.ffrz.hr\/amdg_grafike\/scrolls_big.jpg\",\"contentUrl\":\"https:\/\/amdg.ffrz.hr\/amdg_grafike\/scrolls_big.jpg\"},{\"@type\":\"BreadcrumbList\",\"@id\":\"https:\/\/amdg.ffrz.hr\/?page_id=1688#breadcrumb\",\"itemListElement\":[{\"@type\":\"ListItem\",\"position\":1,\"name\":\"Po\u010detna stranica\",\"item\":\"https:\/\/amdg.ffrz.hr\/\"},{\"@type\":\"ListItem\",\"position\":2,\"name\":\"Snaga rije\u010di u kr\u0161\u0107anstvu i \u017eidovstvu\"}]},{\"@type\":\"WebSite\",\"@id\":\"https:\/\/amdg.ffrz.hr\/#website\",\"url\":\"https:\/\/amdg.ffrz.hr\/\",\"name\":\"Ad maiorem Dei gloriam\",\"description\":\"doc. dr. sc. Niko Bili\u0107:  nastava, duhovnost i cjelo\u017eivotno u\u010denje\",\"publisher\":{\"@id\":\"https:\/\/amdg.ffrz.hr\/#\/schema\/person\/a3d4a18838314f7054f7cdc4f4d45f4a\"},\"potentialAction\":[{\"@type\":\"SearchAction\",\"target\":{\"@type\":\"EntryPoint\",\"urlTemplate\":\"https:\/\/amdg.ffrz.hr\/?s={search_term_string}\"},\"query-input\":{\"@type\":\"PropertyValueSpecification\",\"valueRequired\":true,\"valueName\":\"search_term_string\"}}],\"inLanguage\":\"hr\"},{\"@type\":[\"Person\",\"Organization\"],\"@id\":\"https:\/\/amdg.ffrz.hr\/#\/schema\/person\/a3d4a18838314f7054f7cdc4f4d45f4a\",\"name\":\"Niko Bili\u0107 SJ\",\"image\":{\"@type\":\"ImageObject\",\"inLanguage\":\"hr\",\"@id\":\"https:\/\/amdg.ffrz.hr\/#\/schema\/person\/image\/\",\"url\":\"https:\/\/secure.gravatar.com\/avatar\/14c6ebb29114394312c36c8ab93231d11917870146d266275d4470c0b6c44b88?s=96&d=blank&r=g\",\"contentUrl\":\"https:\/\/secure.gravatar.com\/avatar\/14c6ebb29114394312c36c8ab93231d11917870146d266275d4470c0b6c44b88?s=96&d=blank&r=g\",\"caption\":\"Niko Bili\u0107 SJ\"},\"logo\":{\"@id\":\"https:\/\/amdg.ffrz.hr\/#\/schema\/person\/image\/\"},\"sameAs\":[\"https:\/\/amdg.ffrz.hr\",\"https:\/\/www.facebook.com\/paterniko\",\"https:\/\/www.youtube.com\/user\/paterniko\"]}]}<\/script>\n<!-- \/ Yoast SEO plugin. -->","yoast_head_json":{"title":"Snaga rije\u010di u kr\u0161\u0107anstvu i \u017eidovstvu - Ad maiorem Dei gloriam","robots":{"index":"index","follow":"follow","max-snippet":"max-snippet:-1","max-image-preview":"max-image-preview:large","max-video-preview":"max-video-preview:-1"},"canonical":"https:\/\/amdg.ffrz.hr\/?page_id=1688","og_locale":"hr_HR","og_type":"article","og_title":"Snaga rije\u010di u kr\u0161\u0107anstvu i \u017eidovstvu - Ad maiorem Dei gloriam","og_description":"FFRZ: RP5123 (ISVU: 332242) ECTS 3,350. akademska godina Sveu\u010dili\u0161ta u Zagrebuljetni semestar 2018.\/2019.srijedom od 15: 15, seminar 004Fakultet filozofije i religijskih znanosti,Zagreb, Jordanovac 110 Stanje: 5. 6. 2019. 1) 6.3.19. Stvarala\u010dka snaga rije\u010di. Biblijski pogled na stvaranje svijeta i \u010dovjeka u Post 1,1-2,4 (PDF) * (PPT) * Dobrota u strukturi stvaranja * Pogledajte: Stvaranje svijeta [&hellip;]","og_url":"https:\/\/amdg.ffrz.hr\/?page_id=1688","og_site_name":"Ad maiorem Dei gloriam","article_publisher":"https:\/\/www.facebook.com\/paterniko","article_modified_time":"2019-06-05T14:07:19+00:00","og_image":[{"url":"https:\/\/amdg.ffrz.hr\/amdg_grafike\/scrolls_big.jpg","type":"","width":"","height":""}],"twitter_card":"summary_large_image","twitter_misc":{"Procijenjeno vrijeme \u010ditanja":"1 minuta"},"schema":{"@context":"https:\/\/schema.org","@graph":[{"@type":"WebPage","@id":"https:\/\/amdg.ffrz.hr\/?page_id=1688","url":"https:\/\/amdg.ffrz.hr\/?page_id=1688","name":"Snaga rije\u010di u kr\u0161\u0107anstvu i \u017eidovstvu - Ad maiorem Dei gloriam","isPartOf":{"@id":"https:\/\/amdg.ffrz.hr\/#website"},"primaryImageOfPage":{"@id":"https:\/\/amdg.ffrz.hr\/?page_id=1688#primaryimage"},"image":{"@id":"https:\/\/amdg.ffrz.hr\/?page_id=1688#primaryimage"},"thumbnailUrl":"https:\/\/amdg.ffrz.hr\/amdg_grafike\/scrolls_big.jpg","datePublished":"2019-03-06T12:29:24+00:00","dateModified":"2019-06-05T14:07:19+00:00","breadcrumb":{"@id":"https:\/\/amdg.ffrz.hr\/?page_id=1688#breadcrumb"},"inLanguage":"hr","potentialAction":[{"@type":"ReadAction","target":["https:\/\/amdg.ffrz.hr\/?page_id=1688"]}]},{"@type":"ImageObject","inLanguage":"hr","@id":"https:\/\/amdg.ffrz.hr\/?page_id=1688#primaryimage","url":"https:\/\/amdg.ffrz.hr\/amdg_grafike\/scrolls_big.jpg","contentUrl":"https:\/\/amdg.ffrz.hr\/amdg_grafike\/scrolls_big.jpg"},{"@type":"BreadcrumbList","@id":"https:\/\/amdg.ffrz.hr\/?page_id=1688#breadcrumb","itemListElement":[{"@type":"ListItem","position":1,"name":"Po\u010detna stranica","item":"https:\/\/amdg.ffrz.hr\/"},{"@type":"ListItem","position":2,"name":"Snaga rije\u010di u kr\u0161\u0107anstvu i \u017eidovstvu"}]},{"@type":"WebSite","@id":"https:\/\/amdg.ffrz.hr\/#website","url":"https:\/\/amdg.ffrz.hr\/","name":"Ad maiorem Dei gloriam","description":"doc. dr. sc. Niko Bili\u0107:  nastava, duhovnost i cjelo\u017eivotno u\u010denje","publisher":{"@id":"https:\/\/amdg.ffrz.hr\/#\/schema\/person\/a3d4a18838314f7054f7cdc4f4d45f4a"},"potentialAction":[{"@type":"SearchAction","target":{"@type":"EntryPoint","urlTemplate":"https:\/\/amdg.ffrz.hr\/?s={search_term_string}"},"query-input":{"@type":"PropertyValueSpecification","valueRequired":true,"valueName":"search_term_string"}}],"inLanguage":"hr"},{"@type":["Person","Organization"],"@id":"https:\/\/amdg.ffrz.hr\/#\/schema\/person\/a3d4a18838314f7054f7cdc4f4d45f4a","name":"Niko Bili\u0107 SJ","image":{"@type":"ImageObject","inLanguage":"hr","@id":"https:\/\/amdg.ffrz.hr\/#\/schema\/person\/image\/","url":"https:\/\/secure.gravatar.com\/avatar\/14c6ebb29114394312c36c8ab93231d11917870146d266275d4470c0b6c44b88?s=96&d=blank&r=g","contentUrl":"https:\/\/secure.gravatar.com\/avatar\/14c6ebb29114394312c36c8ab93231d11917870146d266275d4470c0b6c44b88?s=96&d=blank&r=g","caption":"Niko Bili\u0107 SJ"},"logo":{"@id":"https:\/\/amdg.ffrz.hr\/#\/schema\/person\/image\/"},"sameAs":["https:\/\/amdg.ffrz.hr","https:\/\/www.facebook.com\/paterniko","https:\/\/www.youtube.com\/user\/paterniko"]}]}},"_links":{"self":[{"href":"https:\/\/amdg.ffrz.hr\/index.php?rest_route=\/wp\/v2\/pages\/1688","targetHints":{"allow":["GET"]}}],"collection":[{"href":"https:\/\/amdg.ffrz.hr\/index.php?rest_route=\/wp\/v2\/pages"}],"about":[{"href":"https:\/\/amdg.ffrz.hr\/index.php?rest_route=\/wp\/v2\/types\/page"}],"author":[{"embeddable":true,"href":"https:\/\/amdg.ffrz.hr\/index.php?rest_route=\/wp\/v2\/users\/1"}],"replies":[{"embeddable":true,"href":"https:\/\/amdg.ffrz.hr\/index.php?rest_route=%2Fwp%2Fv2%2Fcomments&post=1688"}],"version-history":[{"count":28,"href":"https:\/\/amdg.ffrz.hr\/index.php?rest_route=\/wp\/v2\/pages\/1688\/revisions"}],"predecessor-version":[{"id":1946,"href":"https:\/\/amdg.ffrz.hr\/index.php?rest_route=\/wp\/v2\/pages\/1688\/revisions\/1946"}],"wp:attachment":[{"href":"https:\/\/amdg.ffrz.hr\/index.php?rest_route=%2Fwp%2Fv2%2Fmedia&parent=1688"}],"curies":[{"name":"wp","href":"https:\/\/api.w.org\/{rel}","templated":true}]}}