{"id":1697,"date":"2019-03-06T15:43:43","date_gmt":"2019-03-06T14:43:43","guid":{"rendered":"https:\/\/amdg.ffrz.hr\/?page_id=1697"},"modified":"2021-03-09T09:29:45","modified_gmt":"2021-03-09T08:29:45","slug":"mudrosna-literatura-u-bibliji","status":"publish","type":"page","link":"https:\/\/amdg.ffrz.hr\/?page_id=1697","title":{"rendered":"Mudrosna literatura u Bibliji"},"content":{"rendered":"\n<div class=\"wp-block-image\"><figure class=\"aligncenter is-resized\"><a href=\"https:\/\/amdg.eu\/wp-content\/uploads\/2014\/10\/biblijskamudrost.jpg\"><img loading=\"lazy\" decoding=\"async\" src=\"https:\/\/amdg.eu\/wp-content\/uploads\/2014\/10\/biblijskamudrost-300x250.jpg\" alt=\"biblijskamudrost\" class=\"wp-image-6119\" width=\"611\" height=\"509\"\/><\/a><\/figure><\/div>\n\n\n\n<p> Iz2018 (ISVU: 147271), ECTS 3<br><em>Izborni predmet iz religijskih znanosti <\/em><br><em>na <a href=\"https:\/\/www.ffrz.hr\">Fakultetu filozofije i religijskih znanosti<\/a><\/em><br><strong>350. akademska godina Sveu\u010dili\u0161ta u Zagrebu<\/strong><br><strong>ljetni semestar 2018.\/2019.<br>srijedom od 14: 15, seminar 004<br><\/strong>Zagreb, Jordanovac 110 <\/p>\n\n\n\n<p class=\"has-text-align-right has-bright-red-color has-text-color\">stanje:  5. 6. 2019.<\/p>\n\n\n\n<p>1) 6.3.19. <a href=\"https:\/\/amdg.ffrz.hr\/mudrosne\/mudrosna01_uvod.pdf\">Uvod u Mudrosnu literaturu (PDF)<\/a> * <a rel=\"noopener noreferrer\" href=\"https:\/\/amdg.ffrz.hr\/mudrosne\/mudrosna01_uvod.ppt\" target=\"_blank\">(PPT)<\/a> * <a href=\"https:\/\/amdg.eu\/2012\/10\/bozanska-pouka-za-zivot\/\">Bo\u017eanska pouka za \u017eivotni put (Ps 1)<\/a> * <a href=\"https:\/\/amdg.eu\/2012\/04\/kraljevska-molitva\/\">Kraljevska molitva (1 Kr 3,6\u20139; 2 Ljet 1,8\u201310)<\/a><\/p>\n\n\n\n<p>2) 13.3.19. <a href=\"https:\/\/amdg.ffrz.hr\/mudrosne\/mudrosna02_job.pdf\">Knjiga o Jobu (PDF)<\/a> * (<a href=\"https:\/\/amdg.ffrz.hr\/mudrosne\/mudrosna02_job.ppt\">PPT<\/a>) * <a href=\"https:\/\/amdg.ffrz.hr\/job_okvir.htm\" target=\"_blank\" rel=\"noopener noreferrer\">Pripovjedni okvir u Knjizi o Jobu<\/a> * <a href=\"https:\/\/amdg.ffrz.hr\/job.php\" target=\"_blank\" rel=\"noopener noreferrer\">Prvi odgovor &#8211; Teolo\u0161ko zna\u010denje razgovora s Bogom u Job 38,1\u201342,6<\/a> * <a href=\"https:\/\/youtu.be\/fyW6GaD8EEA\">Pogledajte: Job u razgovoru s Bogom &#8211; 1. dio<\/a> * <a href=\"https:\/\/youtu.be\/BG6mGj1RtIE\">2. dio (video)<\/a> <\/p>\n\n\n\n<p>3) 20.3.19.  <a href=\"https:\/\/amdg.ffrz.hr\/mudrosne\/mudrosna03_raspetimoli_psalmi.pdf\">Psalmi Krista Raspetoga; Psalmi (PDF)<\/a> * (<a href=\"https:\/\/amdg.ffrz.hr\/mudrosne\/mudrosna03_raspetimoli_psalmi.pdf\">PPT<\/a>) * <a href=\"https:\/\/amdg.eu\/2013\/03\/snaga-kristove-molitve\/\">Psalam 22 &#8211; snaga Kristove molitve<\/a> * <a href=\"https:\/\/amdg.eu\/2012\/03\/molitve-raspetoga\/\">Molitve Raspetoga<\/a> * <a href=\"https:\/\/youtu.be\/CFuGSWQaelg\">Pogledajte: Psalmi Krista raspetoga (1. dio)<\/a> * <a href=\"https:\/\/youtu.be\/mwq5APC8GIk\">2. dio<\/a> * <a href=\"https:\/\/amdg.ffrz.hr\/psalmi01.html\">Psalmi uvod<\/a> * <a href=\"https:\/\/amdg.ffrz.hr\/psalmi_pregled.html\">Biblijski psalmi<\/a> * <a href=\"https:\/\/amdg.ffrz.hr\/ps_arhitektura.htm\">Arhitektura psaltira<\/a> <\/p>\n\n\n\n<p>4) 27.3.19.  <a href=\"https:\/\/amdg.ffrz.hr\/mudrosne\/mudrosna05_izr01.pdf\">Mudre izreke (PDF)<\/a> * <a href=\"https:\/\/amdg.ffrz.hr\/mudrosne\/mudrosna05_izr01.ppt\">(PPT)<\/a> * <a href=\"https:\/\/amdg.ffrz.hr\/mudrosne\/mudrosna06_izr02.pdf\">Lik \u017eene u <em>Mudrim izrekama<\/em> (PDF)<\/a> * <a href=\"https:\/\/amdg.ffrz.hr\/mudrosne\/mudrosna06_izr02.ppt\">(PPT)<\/a> <\/p>\n\n\n\n<p>5) 3.4.19.   <a href=\"https:\/\/amdg.ffrz.hr\/mudrosne\/mudrosna07_prop.pdf\">Ustroj knjige Propovjednikove; Ispraznost, Korist (PDF)<\/a> * (<a href=\"https:\/\/amdg.ffrz.hr\/mudrosne\/mudrosna07_prop.ppt\">PPT<\/a>)<br>* <a rel=\"noreferrer noopener\" href=\"https:\/\/amdg.ffrz.hr\/prop.htm\" target=\"_blank\">Propovjednik<\/a> <\/p>\n\n\n\n<p>6) 10.4.19.  <a href=\"https:\/\/amdg.ffrz.hr\/mudrosne\/mudrosna08_pj.pdf\">Zaru\u010dnica u Pjesmi nad pjesmama (PDF)<\/a> * (<a href=\"https:\/\/amdg.ffrz.hr\/mudrosne\/mudrosna08_pj.ppt\">PPT<\/a>) * <a href=\"https:\/\/amdg.ffrz.hr\/?p=4257\" target=\"_blank\" rel=\"noreferrer noopener\">Zaru\u010dnica u Pjesmi nad pjesamama<\/a> * <a rel=\"noreferrer noopener\" href=\"https:\/\/amdg.eu\/2012\/10\/vrhunac-i-preokret-u-pjesmi-nad-pjesmama\/\" target=\"_blank\">Vrhunac i preokret u Pjesmi nad pjesmama (4,8\u201310)<\/a> <\/p>\n\n\n\n<p>7) 8.5.19.  <a href=\"https:\/\/amdg.ffrz.hr\/mudrosne\/mudrosni07_mudr.pdf\">Pregled Knjige Mudrosti (PDF)<\/a> * (<a href=\"https:\/\/amdg.ffrz.hr\/mudrosne\/mudrosni07_mudr.ppt\">PPT<\/a>) * <a rel=\"noreferrer noopener\" href=\"https:\/\/amdg.ffrz.hr\/mudr.htm\" target=\"_blank\">Knjiga Mudrosti<\/a> <\/p>\n\n\n\n<p>8) 15.5.19.  <a href=\"https:\/\/amdg.ffrz.hr\/mudrosne\/mudrosna08_sir.pdf\">Knjiga Sirahova (PDF)<\/a> * (<a href=\"https:\/\/amdg.ffrz.hr\/mudrosne\/mudrosna08_sir.ppt\">PPT<\/a>) * <a href=\"https:\/\/amdg.ffrz.hr\/sir.htm\">Knjiga Sirahova<\/a> <\/p>\n\n\n\n<p>9) 22.5.19. <a href=\"https:\/\/amdg.ffrz.hr\/mudrosne\/mudrosna09_pavao1.pdf\">Pavlove poslanice (Rim, 1. i 2. Kor, Gal; Fil, 1 Sol, Flm) .pdf<\/a> * (<a href=\"https:\/\/amdg.ffrz.hr\/mudrosne\/mudrosna09_pavao1.ppt\">PPT<\/a>) * <a href=\"https:\/\/amdg.ffrz.hr\/pavao.htm\">Teologija sv. Pavla<\/a><\/p>\n\n\n\n<p>10) 29.5.19.  <a href=\"https:\/\/amdg.ffrz.hr\/mudrosne\/mudrosna10_pavao2.pdf\">Deuteropavlovski spisi (Kol, Ef, 2 Sol, 1 i 2 Tim, Tit, Hebr) .PDF<\/a> * (<a href=\"https:\/\/amdg.ffrz.hr\/mudrosne\/mudrosna10_pavao2.ppt\">PPT<\/a>)<\/p>\n\n\n\n<p>11) 5.6.19. <a href=\"https:\/\/amdg.ffrz.hr\/mudrosne\/mudrosna11_katolicke.pdf\">Katoli\u010dke poslanice (Jakovljeva, 1. i 2. Petrova, 1.,2. i 3. Ivanova, Judina) .PDF<\/a> * (<a href=\"https:\/\/amdg.ffrz.hr\/mudrosne\/mudrosna11_katolicke.ppt\">PPT<\/a>)<\/p>\n\n\n\n<h3 class=\"wp-block-heading\"><strong>Za pristup ispitu potrebno je:<\/strong><\/h3>\n\n\n\n<p>Sudjelovati na nastavi (ili mentorski studij u dogovoru s profesorom na po\u010detku semestra) i dobro se upoznati s biblijskim tekstom.<br>Prou\u010diti odgovaraju\u0107i dio iz Uvoda u Stari zavjet i Uvoda u Novi zavjet (Introduction)<br>Prostudirati stru\u010dni pregled Mudrosne knji\u017eevnosti u SZ (npr. N. Hohnjec: Umije\u0107e biblijske mudrosti), te Novozavjetnih poslanica.<br>Osim op\u0107ega pregleda biblijskih mudrosnih knjiga, treba po vlastitom izboru podrobno pripraviti dvije od tih knjiga iz SZ i dvije iz NZ. <\/p>\n\n\n\n<p>Op\u0107e upute: Ovaj je predmet dio sveu\u010dili\u0161noga studija koji ima za cilj upoznavanje ustroja i poruke svetopisamskih knjiga radi kriti\u010dnoga prepoznavanja aktualnosti drevnih tekstova i radi njihove primjene u osobnom i dru\u0161tvenom \u017eivotu.<br>Predmet \u017eeli studentima pomo\u0107i da postanu kadri:<\/p>\n\n\n\n<ol class=\"wp-block-list\"><li>prona\u0107i tekstove Svetoga pisma i pristupiti im slobodno, bez fundamentalizma i ekstremizma.<\/li><li>razumjeti biblijsku Mudrost koja po\u010diva na iskustvu Bo\u017ejega naroda i Zakonu tj. Pouci koju prima od Boga.<\/li><li>ocijeniti izri\u010dajnu snagu, sadr\u017eaj i poruku biblijskoga teksta te vrijednost argumenata u njegovu tuma\u010denju.<\/li><li>razlikovati ispravne od pogre\u0161nih tuma\u010denja biblijskih spisa; prepoznati Bo\u017eje nadahnu\u0107e u svetom tekstu.<\/li><\/ol>\n\n\n\n<p><strong>Literatura uz predmet:<\/strong><\/p>\n\n\n\n<ol class=\"wp-block-list\"><li><strong>Izvori<\/strong>: Biblia Hebraica Stuttgartensia i Septuaginta<\/li><li><strong>Prijevod<\/strong>: Jeruzalemska Biblija (tekst s podjelom i uputama)<\/li><li>Nikola Hohnjec, <em>Umije\u0107e biblijske mudrosti: egzegetsko-teolo\u0161ki uvod u knjige i sadr\u017eaj, Kr\u0161\u0107anska sada\u0161njost<\/em>, Priru\u010dnici, sv. 50, Zagreb, 2001.<\/li><li>Nikola Hohnjec, <em>Tri biblijske filozofije \u017eivota<\/em>, Kr\u0161\u0107anska sada\u0161njost, Biblioteka Rije\u010d, sv. 42, Zagreb 2003.<\/li><li>Nikola Hohnjec, <em>Kasna i mudrosna Biblija<\/em>, Kr\u0161\u0107anska sada\u0161njost, Zagreb 2007.<\/li><li>Stipe Juri\u010d, <em>Biser biblijske mudrosti \u2013 Mudrost lijepa govora u Knjizi Sirahovoj<\/em>, Glas Koncila, Zagreb 2009.<\/li><li>Roland E. Murphy,<em> The tree of life : an exploration of biblical wisdom literature<\/em>, New York : Doubleday, 1990.<\/li><li>Marinko Vidovi\u0107, <em>Pavlovski spisi. Uvod i osnove tuma\u010denja<\/em>, Crkva u svijetu, Split 2007. <\/li><li> R. E. BROWN, Uvod u Novi zavjet, Zagreb, 2008.<\/li><li> M. VIDOVI\u0106, Pavao i njegova misao: Uvod i osnove tuma\u010denja i teologije Pavlovih i deuteropavlovskih poslanica, Split, 2010.<\/li><li>I. DUGAND\u017dI\u0106, Pavao: Svjedok i apostol Isusa Krista, Zagreb, 2002. <\/li><li> C. TOMI\u0106, Po\u010deci Crkve &#8211; Pavao apostol naroda, Zagreb, 1995.<\/li><\/ol>\n\n\n\n<p class=\"has-text-align-right\">\ndoc. dr. sc. Niko Bili\u0107, SJ\n\n<\/p>\n","protected":false},"excerpt":{"rendered":"<p>Iz2018 (ISVU: 147271), ECTS 3Izborni predmet iz religijskih znanosti na Fakultetu filozofije i religijskih znanosti350. akademska godina Sveu\u010dili\u0161ta u Zagrebuljetni semestar 2018.\/2019.srijedom od 14: 15, seminar 004Zagreb, Jordanovac 110 stanje: 5. 6. 2019. 1) 6.3.19. Uvod u Mudrosnu literaturu (PDF) * (PPT) * Bo\u017eanska pouka za \u017eivotni put (Ps 1) * Kraljevska molitva (1 Kr [&hellip;]<\/p>\n","protected":false},"author":1,"featured_media":0,"parent":0,"menu_order":0,"comment_status":"closed","ping_status":"closed","template":"","meta":{"footnotes":""},"class_list":["post-1697","page","type-page","status-publish","hentry"],"yoast_head":"<!-- This site is optimized with the Yoast SEO plugin v26.0 - https:\/\/yoast.com\/wordpress\/plugins\/seo\/ -->\n<title>Mudrosna literatura u Bibliji - Ad maiorem Dei gloriam<\/title>\n<meta name=\"robots\" content=\"index, follow, max-snippet:-1, max-image-preview:large, max-video-preview:-1\" \/>\n<link rel=\"canonical\" href=\"https:\/\/amdg.ffrz.hr\/?page_id=1697\" \/>\n<meta property=\"og:locale\" content=\"hr_HR\" \/>\n<meta property=\"og:type\" content=\"article\" \/>\n<meta property=\"og:title\" content=\"Mudrosna literatura u Bibliji - Ad maiorem Dei gloriam\" \/>\n<meta property=\"og:description\" content=\"Iz2018 (ISVU: 147271), ECTS 3Izborni predmet iz religijskih znanosti na Fakultetu filozofije i religijskih znanosti350. akademska godina Sveu\u010dili\u0161ta u Zagrebuljetni semestar 2018.\/2019.srijedom od 14: 15, seminar 004Zagreb, Jordanovac 110 stanje: 5. 6. 2019. 1) 6.3.19. Uvod u Mudrosnu literaturu (PDF) * (PPT) * Bo\u017eanska pouka za \u017eivotni put (Ps 1) * Kraljevska molitva (1 Kr [&hellip;]\" \/>\n<meta property=\"og:url\" content=\"https:\/\/amdg.ffrz.hr\/?page_id=1697\" \/>\n<meta property=\"og:site_name\" content=\"Ad maiorem Dei gloriam\" \/>\n<meta property=\"article:publisher\" content=\"https:\/\/www.facebook.com\/paterniko\" \/>\n<meta property=\"article:modified_time\" content=\"2021-03-09T08:29:45+00:00\" \/>\n<meta property=\"og:image\" content=\"https:\/\/amdg.eu\/wp-content\/uploads\/2014\/10\/biblijskamudrost-300x250.jpg\" \/>\n<meta name=\"twitter:card\" content=\"summary_large_image\" \/>\n<meta name=\"twitter:label1\" content=\"Procijenjeno vrijeme \u010ditanja\" \/>\n\t<meta name=\"twitter:data1\" content=\"3 minute\" \/>\n<script type=\"application\/ld+json\" class=\"yoast-schema-graph\">{\"@context\":\"https:\/\/schema.org\",\"@graph\":[{\"@type\":\"WebPage\",\"@id\":\"https:\/\/amdg.ffrz.hr\/?page_id=1697\",\"url\":\"https:\/\/amdg.ffrz.hr\/?page_id=1697\",\"name\":\"Mudrosna literatura u Bibliji - Ad maiorem Dei gloriam\",\"isPartOf\":{\"@id\":\"https:\/\/amdg.ffrz.hr\/#website\"},\"primaryImageOfPage\":{\"@id\":\"https:\/\/amdg.ffrz.hr\/?page_id=1697#primaryimage\"},\"image\":{\"@id\":\"https:\/\/amdg.ffrz.hr\/?page_id=1697#primaryimage\"},\"thumbnailUrl\":\"https:\/\/amdg.eu\/wp-content\/uploads\/2014\/10\/biblijskamudrost-300x250.jpg\",\"datePublished\":\"2019-03-06T14:43:43+00:00\",\"dateModified\":\"2021-03-09T08:29:45+00:00\",\"breadcrumb\":{\"@id\":\"https:\/\/amdg.ffrz.hr\/?page_id=1697#breadcrumb\"},\"inLanguage\":\"hr\",\"potentialAction\":[{\"@type\":\"ReadAction\",\"target\":[\"https:\/\/amdg.ffrz.hr\/?page_id=1697\"]}]},{\"@type\":\"ImageObject\",\"inLanguage\":\"hr\",\"@id\":\"https:\/\/amdg.ffrz.hr\/?page_id=1697#primaryimage\",\"url\":\"https:\/\/amdg.eu\/wp-content\/uploads\/2014\/10\/biblijskamudrost-300x250.jpg\",\"contentUrl\":\"https:\/\/amdg.eu\/wp-content\/uploads\/2014\/10\/biblijskamudrost-300x250.jpg\"},{\"@type\":\"BreadcrumbList\",\"@id\":\"https:\/\/amdg.ffrz.hr\/?page_id=1697#breadcrumb\",\"itemListElement\":[{\"@type\":\"ListItem\",\"position\":1,\"name\":\"Po\u010detna stranica\",\"item\":\"https:\/\/amdg.ffrz.hr\/\"},{\"@type\":\"ListItem\",\"position\":2,\"name\":\"Mudrosna literatura u Bibliji\"}]},{\"@type\":\"WebSite\",\"@id\":\"https:\/\/amdg.ffrz.hr\/#website\",\"url\":\"https:\/\/amdg.ffrz.hr\/\",\"name\":\"Ad maiorem Dei gloriam\",\"description\":\"doc. dr. sc. Niko Bili\u0107:  nastava, duhovnost i cjelo\u017eivotno u\u010denje\",\"publisher\":{\"@id\":\"https:\/\/amdg.ffrz.hr\/#\/schema\/person\/a3d4a18838314f7054f7cdc4f4d45f4a\"},\"potentialAction\":[{\"@type\":\"SearchAction\",\"target\":{\"@type\":\"EntryPoint\",\"urlTemplate\":\"https:\/\/amdg.ffrz.hr\/?s={search_term_string}\"},\"query-input\":{\"@type\":\"PropertyValueSpecification\",\"valueRequired\":true,\"valueName\":\"search_term_string\"}}],\"inLanguage\":\"hr\"},{\"@type\":[\"Person\",\"Organization\"],\"@id\":\"https:\/\/amdg.ffrz.hr\/#\/schema\/person\/a3d4a18838314f7054f7cdc4f4d45f4a\",\"name\":\"Niko Bili\u0107 SJ\",\"image\":{\"@type\":\"ImageObject\",\"inLanguage\":\"hr\",\"@id\":\"https:\/\/amdg.ffrz.hr\/#\/schema\/person\/image\/\",\"url\":\"https:\/\/secure.gravatar.com\/avatar\/14c6ebb29114394312c36c8ab93231d11917870146d266275d4470c0b6c44b88?s=96&d=blank&r=g\",\"contentUrl\":\"https:\/\/secure.gravatar.com\/avatar\/14c6ebb29114394312c36c8ab93231d11917870146d266275d4470c0b6c44b88?s=96&d=blank&r=g\",\"caption\":\"Niko Bili\u0107 SJ\"},\"logo\":{\"@id\":\"https:\/\/amdg.ffrz.hr\/#\/schema\/person\/image\/\"},\"sameAs\":[\"https:\/\/amdg.ffrz.hr\",\"https:\/\/www.facebook.com\/paterniko\",\"https:\/\/www.youtube.com\/user\/paterniko\"]}]}<\/script>\n<!-- \/ Yoast SEO plugin. -->","yoast_head_json":{"title":"Mudrosna literatura u Bibliji - Ad maiorem Dei gloriam","robots":{"index":"index","follow":"follow","max-snippet":"max-snippet:-1","max-image-preview":"max-image-preview:large","max-video-preview":"max-video-preview:-1"},"canonical":"https:\/\/amdg.ffrz.hr\/?page_id=1697","og_locale":"hr_HR","og_type":"article","og_title":"Mudrosna literatura u Bibliji - Ad maiorem Dei gloriam","og_description":"Iz2018 (ISVU: 147271), ECTS 3Izborni predmet iz religijskih znanosti na Fakultetu filozofije i religijskih znanosti350. akademska godina Sveu\u010dili\u0161ta u Zagrebuljetni semestar 2018.\/2019.srijedom od 14: 15, seminar 004Zagreb, Jordanovac 110 stanje: 5. 6. 2019. 1) 6.3.19. Uvod u Mudrosnu literaturu (PDF) * (PPT) * Bo\u017eanska pouka za \u017eivotni put (Ps 1) * Kraljevska molitva (1 Kr [&hellip;]","og_url":"https:\/\/amdg.ffrz.hr\/?page_id=1697","og_site_name":"Ad maiorem Dei gloriam","article_publisher":"https:\/\/www.facebook.com\/paterniko","article_modified_time":"2021-03-09T08:29:45+00:00","og_image":[{"url":"https:\/\/amdg.eu\/wp-content\/uploads\/2014\/10\/biblijskamudrost-300x250.jpg","type":"","width":"","height":""}],"twitter_card":"summary_large_image","twitter_misc":{"Procijenjeno vrijeme \u010ditanja":"3 minute"},"schema":{"@context":"https:\/\/schema.org","@graph":[{"@type":"WebPage","@id":"https:\/\/amdg.ffrz.hr\/?page_id=1697","url":"https:\/\/amdg.ffrz.hr\/?page_id=1697","name":"Mudrosna literatura u Bibliji - Ad maiorem Dei gloriam","isPartOf":{"@id":"https:\/\/amdg.ffrz.hr\/#website"},"primaryImageOfPage":{"@id":"https:\/\/amdg.ffrz.hr\/?page_id=1697#primaryimage"},"image":{"@id":"https:\/\/amdg.ffrz.hr\/?page_id=1697#primaryimage"},"thumbnailUrl":"https:\/\/amdg.eu\/wp-content\/uploads\/2014\/10\/biblijskamudrost-300x250.jpg","datePublished":"2019-03-06T14:43:43+00:00","dateModified":"2021-03-09T08:29:45+00:00","breadcrumb":{"@id":"https:\/\/amdg.ffrz.hr\/?page_id=1697#breadcrumb"},"inLanguage":"hr","potentialAction":[{"@type":"ReadAction","target":["https:\/\/amdg.ffrz.hr\/?page_id=1697"]}]},{"@type":"ImageObject","inLanguage":"hr","@id":"https:\/\/amdg.ffrz.hr\/?page_id=1697#primaryimage","url":"https:\/\/amdg.eu\/wp-content\/uploads\/2014\/10\/biblijskamudrost-300x250.jpg","contentUrl":"https:\/\/amdg.eu\/wp-content\/uploads\/2014\/10\/biblijskamudrost-300x250.jpg"},{"@type":"BreadcrumbList","@id":"https:\/\/amdg.ffrz.hr\/?page_id=1697#breadcrumb","itemListElement":[{"@type":"ListItem","position":1,"name":"Po\u010detna stranica","item":"https:\/\/amdg.ffrz.hr\/"},{"@type":"ListItem","position":2,"name":"Mudrosna literatura u Bibliji"}]},{"@type":"WebSite","@id":"https:\/\/amdg.ffrz.hr\/#website","url":"https:\/\/amdg.ffrz.hr\/","name":"Ad maiorem Dei gloriam","description":"doc. dr. sc. Niko Bili\u0107:  nastava, duhovnost i cjelo\u017eivotno u\u010denje","publisher":{"@id":"https:\/\/amdg.ffrz.hr\/#\/schema\/person\/a3d4a18838314f7054f7cdc4f4d45f4a"},"potentialAction":[{"@type":"SearchAction","target":{"@type":"EntryPoint","urlTemplate":"https:\/\/amdg.ffrz.hr\/?s={search_term_string}"},"query-input":{"@type":"PropertyValueSpecification","valueRequired":true,"valueName":"search_term_string"}}],"inLanguage":"hr"},{"@type":["Person","Organization"],"@id":"https:\/\/amdg.ffrz.hr\/#\/schema\/person\/a3d4a18838314f7054f7cdc4f4d45f4a","name":"Niko Bili\u0107 SJ","image":{"@type":"ImageObject","inLanguage":"hr","@id":"https:\/\/amdg.ffrz.hr\/#\/schema\/person\/image\/","url":"https:\/\/secure.gravatar.com\/avatar\/14c6ebb29114394312c36c8ab93231d11917870146d266275d4470c0b6c44b88?s=96&d=blank&r=g","contentUrl":"https:\/\/secure.gravatar.com\/avatar\/14c6ebb29114394312c36c8ab93231d11917870146d266275d4470c0b6c44b88?s=96&d=blank&r=g","caption":"Niko Bili\u0107 SJ"},"logo":{"@id":"https:\/\/amdg.ffrz.hr\/#\/schema\/person\/image\/"},"sameAs":["https:\/\/amdg.ffrz.hr","https:\/\/www.facebook.com\/paterniko","https:\/\/www.youtube.com\/user\/paterniko"]}]}},"_links":{"self":[{"href":"https:\/\/amdg.ffrz.hr\/index.php?rest_route=\/wp\/v2\/pages\/1697","targetHints":{"allow":["GET"]}}],"collection":[{"href":"https:\/\/amdg.ffrz.hr\/index.php?rest_route=\/wp\/v2\/pages"}],"about":[{"href":"https:\/\/amdg.ffrz.hr\/index.php?rest_route=\/wp\/v2\/types\/page"}],"author":[{"embeddable":true,"href":"https:\/\/amdg.ffrz.hr\/index.php?rest_route=\/wp\/v2\/users\/1"}],"replies":[{"embeddable":true,"href":"https:\/\/amdg.ffrz.hr\/index.php?rest_route=%2Fwp%2Fv2%2Fcomments&post=1697"}],"version-history":[{"count":34,"href":"https:\/\/amdg.ffrz.hr\/index.php?rest_route=\/wp\/v2\/pages\/1697\/revisions"}],"predecessor-version":[{"id":4265,"href":"https:\/\/amdg.ffrz.hr\/index.php?rest_route=\/wp\/v2\/pages\/1697\/revisions\/4265"}],"wp:attachment":[{"href":"https:\/\/amdg.ffrz.hr\/index.php?rest_route=%2Fwp%2Fv2%2Fmedia&parent=1697"}],"curies":[{"name":"wp","href":"https:\/\/api.w.org\/{rel}","templated":true}]}}