{"id":3071,"date":"2020-02-26T11:45:29","date_gmt":"2020-02-26T10:45:29","guid":{"rendered":"https:\/\/amdg.ffrz.hr\/?page_id=3071"},"modified":"2020-06-02T08:41:00","modified_gmt":"2020-06-02T06:41:00","slug":"hebrejski-jezik","status":"publish","type":"page","link":"https:\/\/amdg.ffrz.hr\/?page_id=3071","title":{"rendered":"Hebrejski jezik"},"content":{"rendered":"\n<h3 class=\"wp-block-heading\">Uvod u hebrejski jezik Svetog pisma <\/h3>\n\n\n\n<p><strong>Studij filozofije i teologije na FTI afiliranom PUG<br>akademska godina 2019.\/2020. ljetni semestar<\/strong><\/p>\n\n\n\n<h2 class=\"wp-block-heading\">Ispiti<\/h2>\n\n\n\n<blockquote class=\"wp-block-quote is-layout-flow wp-block-quote-is-layout-flow\"><p><strong>Radost, radost! Nakon \u0161to je dovr\u0161eno uskrsno doba, dolazi \u010das za uspjehe i rezultate. Gospodin Isus sretno je dovr\u0161io veliku misiju, poslao Duha s neba. Zavr\u0161io je mjesec Kraljice svibnja. Proslavili smo i Dan Dr\u017eave i Dan Grada. U ovom sasvim osobitom akademskom semestru koji je nas je potresao i pandemijom i potresom, do\u0161lo je vrijeme ubiranja plodova. Ispit je za\u0161ti\u0107eni prostor u kojemu student ima priliku pokazati ono \u0161to zna. <strong>S veseljem i zahvalno poslu\u0161at \u0107u odnosno pro\u010ditati.<\/strong> Dobro do\u0161li!<\/strong><\/p><p><strong>U ovim izvanrednim okolnostima mogu\u0107nost polaganja ispita je svaki radni dan od 2. lipnja sve do 3. srpnja (osim od 17. do 19. lipnja) od 9-12 i od 16-18 sati. Studenti po vlastitom izboru i mogu\u0107nosti mogu polagati ispit u\u017eivo ili online. U\u017eivo na adresi Palmoti\u0107eva 31, Zagreb (kod bazilike Srca Isusova), a srijedom ovisno o mogu\u0107nostima na Fakultetu (Jordanovac 110). Online mo\u017ee se polagati bilo usmeno (npr. Skype pnikobilic ili Zoom 914 971 0107) ili pisano npr. putem e-maila. Najaviti se mo\u017eete i preko dru\u0161tvenih mre\u017ea.<\/strong><\/p><p><strong>Za ispit, prema obi\u010daju i dogovoru, potrebno je \u2013 uz op\u0107enit pregled gradiva \u2013 podrobno pripraviti cjeline koje ste odabrali, paze\u0107i osobito na poznavanje biblijskoga teksta. Zbog izvanrednih okolnosti dovoljno je iznijeti ono \u0161to se obradili i nau\u010dili. Kod najave za ispit, osim odabira gdje i kako \u0107ete polagati, mo\u017eete napomenuti koje ste cjeline odabrali.<\/strong><\/p><\/blockquote>\n\n\n\n<p>srijedom u 12:15, seminar 101<\/p>\n\n\n\n<p>1) 26. 2. 2020.  <a rel=\"noreferrer noopener\" aria-label=\" (otvara se u novoj kartici)\" href=\"https:\/\/amdg.ffrz.hr\/hebrejski\/h01.pdf\" target=\"_blank\">1. vje\u017eba (PDF)<\/a> * <a href=\"https:\/\/amdg.ffrz.hr\/hebrejski\/h01A5.pdf\" target=\"_blank\" rel=\"noreferrer noopener\" aria-label=\"1. vje\u017eba A5 (PDF) (otvara se u novoj kartici)\">1. vje\u017eba A5 (PDF)<\/a><\/p>\n\n\n\n<p><a rel=\"noreferrer noopener\" aria-label=\" (otvara se u novoj kartici)\" href=\"https:\/\/amdg.ffrz.hr\/hebrejski\/h01_rlist.pdf\" target=\"_blank\">radni list (.PDF)<\/a> * (.<a href=\"https:\/\/amdg.ffrz.hr\/hebrejski\/h01_rlist.doc\">doc<\/a>)<\/p>\n\n\n\n<p>2) 4. 3. 2020. <a href=\"https:\/\/amdg.ffrz.hr\/hebrejski\/h02.pdf\">2. vje\u017eba (PDF) <\/a><\/p>\n\n\n\n<p><a href=\"https:\/\/amdg.ffrz.hr\/hebrejski\/h02_rlist.pdf\">radni list (PDF)<\/a><\/p>\n\n\n\n<p>3) 11. 3. 2020. <a href=\"https:\/\/amdg.ffrz.hr\/hebrejski\/h03A5.pdf\">3. vje\u017eba (PDF A5)<\/a> * (<a href=\"https:\/\/amdg.ffrz.hr\/hebrejski\/h03.ppt\">PPT<\/a>)<\/p>\n\n\n\n<p><a href=\"https:\/\/amdg.ffrz.hr\/hebrejski\/h03_rlist.doc\">radni list (doc)<\/a><\/p>\n\n\n\n<p><a href=\"https:\/\/amdg.ffrz.hr\/hebrejski\/h_abeceda.pdf\">Hebrejska abeceda (PDF)<\/a> * (<a href=\"https:\/\/amdg.ffrz.hr\/hebrejski\/h_abeceda.doc\">doc<\/a>)<\/p>\n\n\n\n<p><a href=\"https:\/\/amdg.ffrz.hr\/hebrejski\/h_gram.pdf\">T. Laki\u0107, Kratka gramatika biblijskoga hebrejskog jezika (PDF)<\/a>  <\/p>\n","protected":false},"excerpt":{"rendered":"<p>Uvod u hebrejski jezik Svetog pisma Studij filozofije i teologije na FTI afiliranom PUGakademska godina 2019.\/2020. ljetni semestar Ispiti Radost, radost! Nakon \u0161to je dovr\u0161eno uskrsno doba, dolazi \u010das za uspjehe i rezultate. Gospodin Isus sretno je dovr\u0161io veliku misiju, poslao Duha s neba. Zavr\u0161io je mjesec Kraljice svibnja. Proslavili smo i Dan Dr\u017eave i [&hellip;]<\/p>\n","protected":false},"author":1,"featured_media":0,"parent":0,"menu_order":0,"comment_status":"closed","ping_status":"closed","template":"","meta":{"footnotes":""},"class_list":["post-3071","page","type-page","status-publish","hentry"],"yoast_head":"<!-- This site is optimized with the Yoast SEO plugin v26.0 - https:\/\/yoast.com\/wordpress\/plugins\/seo\/ -->\n<title>Hebrejski jezik - Ad maiorem Dei gloriam<\/title>\n<meta name=\"robots\" content=\"index, follow, max-snippet:-1, max-image-preview:large, max-video-preview:-1\" \/>\n<link rel=\"canonical\" href=\"https:\/\/amdg.ffrz.hr\/?page_id=3071\" \/>\n<meta property=\"og:locale\" content=\"hr_HR\" \/>\n<meta property=\"og:type\" content=\"article\" \/>\n<meta property=\"og:title\" content=\"Hebrejski jezik - Ad maiorem Dei gloriam\" \/>\n<meta property=\"og:description\" content=\"Uvod u hebrejski jezik Svetog pisma Studij filozofije i teologije na FTI afiliranom PUGakademska godina 2019.\/2020. ljetni semestar Ispiti Radost, radost! Nakon \u0161to je dovr\u0161eno uskrsno doba, dolazi \u010das za uspjehe i rezultate. Gospodin Isus sretno je dovr\u0161io veliku misiju, poslao Duha s neba. Zavr\u0161io je mjesec Kraljice svibnja. Proslavili smo i Dan Dr\u017eave i [&hellip;]\" \/>\n<meta property=\"og:url\" content=\"https:\/\/amdg.ffrz.hr\/?page_id=3071\" \/>\n<meta property=\"og:site_name\" content=\"Ad maiorem Dei gloriam\" \/>\n<meta property=\"article:publisher\" content=\"https:\/\/www.facebook.com\/paterniko\" \/>\n<meta property=\"article:modified_time\" content=\"2020-06-02T06:41:00+00:00\" \/>\n<meta name=\"twitter:card\" content=\"summary_large_image\" \/>\n<meta name=\"twitter:label1\" content=\"Procijenjeno vrijeme \u010ditanja\" \/>\n\t<meta name=\"twitter:data1\" content=\"1 minuta\" \/>\n<script type=\"application\/ld+json\" class=\"yoast-schema-graph\">{\"@context\":\"https:\/\/schema.org\",\"@graph\":[{\"@type\":\"WebPage\",\"@id\":\"https:\/\/amdg.ffrz.hr\/?page_id=3071\",\"url\":\"https:\/\/amdg.ffrz.hr\/?page_id=3071\",\"name\":\"Hebrejski jezik - Ad maiorem Dei gloriam\",\"isPartOf\":{\"@id\":\"https:\/\/amdg.ffrz.hr\/#website\"},\"datePublished\":\"2020-02-26T10:45:29+00:00\",\"dateModified\":\"2020-06-02T06:41:00+00:00\",\"breadcrumb\":{\"@id\":\"https:\/\/amdg.ffrz.hr\/?page_id=3071#breadcrumb\"},\"inLanguage\":\"hr\",\"potentialAction\":[{\"@type\":\"ReadAction\",\"target\":[\"https:\/\/amdg.ffrz.hr\/?page_id=3071\"]}]},{\"@type\":\"BreadcrumbList\",\"@id\":\"https:\/\/amdg.ffrz.hr\/?page_id=3071#breadcrumb\",\"itemListElement\":[{\"@type\":\"ListItem\",\"position\":1,\"name\":\"Po\u010detna stranica\",\"item\":\"https:\/\/amdg.ffrz.hr\/\"},{\"@type\":\"ListItem\",\"position\":2,\"name\":\"Hebrejski jezik\"}]},{\"@type\":\"WebSite\",\"@id\":\"https:\/\/amdg.ffrz.hr\/#website\",\"url\":\"https:\/\/amdg.ffrz.hr\/\",\"name\":\"Ad maiorem Dei gloriam\",\"description\":\"doc. dr. sc. Niko Bili\u0107:  nastava, duhovnost i cjelo\u017eivotno u\u010denje\",\"publisher\":{\"@id\":\"https:\/\/amdg.ffrz.hr\/#\/schema\/person\/a3d4a18838314f7054f7cdc4f4d45f4a\"},\"potentialAction\":[{\"@type\":\"SearchAction\",\"target\":{\"@type\":\"EntryPoint\",\"urlTemplate\":\"https:\/\/amdg.ffrz.hr\/?s={search_term_string}\"},\"query-input\":{\"@type\":\"PropertyValueSpecification\",\"valueRequired\":true,\"valueName\":\"search_term_string\"}}],\"inLanguage\":\"hr\"},{\"@type\":[\"Person\",\"Organization\"],\"@id\":\"https:\/\/amdg.ffrz.hr\/#\/schema\/person\/a3d4a18838314f7054f7cdc4f4d45f4a\",\"name\":\"Niko Bili\u0107 SJ\",\"image\":{\"@type\":\"ImageObject\",\"inLanguage\":\"hr\",\"@id\":\"https:\/\/amdg.ffrz.hr\/#\/schema\/person\/image\/\",\"url\":\"https:\/\/secure.gravatar.com\/avatar\/14c6ebb29114394312c36c8ab93231d11917870146d266275d4470c0b6c44b88?s=96&d=blank&r=g\",\"contentUrl\":\"https:\/\/secure.gravatar.com\/avatar\/14c6ebb29114394312c36c8ab93231d11917870146d266275d4470c0b6c44b88?s=96&d=blank&r=g\",\"caption\":\"Niko Bili\u0107 SJ\"},\"logo\":{\"@id\":\"https:\/\/amdg.ffrz.hr\/#\/schema\/person\/image\/\"},\"sameAs\":[\"https:\/\/amdg.ffrz.hr\",\"https:\/\/www.facebook.com\/paterniko\",\"https:\/\/www.youtube.com\/user\/paterniko\"]}]}<\/script>\n<!-- \/ Yoast SEO plugin. -->","yoast_head_json":{"title":"Hebrejski jezik - Ad maiorem Dei gloriam","robots":{"index":"index","follow":"follow","max-snippet":"max-snippet:-1","max-image-preview":"max-image-preview:large","max-video-preview":"max-video-preview:-1"},"canonical":"https:\/\/amdg.ffrz.hr\/?page_id=3071","og_locale":"hr_HR","og_type":"article","og_title":"Hebrejski jezik - Ad maiorem Dei gloriam","og_description":"Uvod u hebrejski jezik Svetog pisma Studij filozofije i teologije na FTI afiliranom PUGakademska godina 2019.\/2020. ljetni semestar Ispiti Radost, radost! Nakon \u0161to je dovr\u0161eno uskrsno doba, dolazi \u010das za uspjehe i rezultate. Gospodin Isus sretno je dovr\u0161io veliku misiju, poslao Duha s neba. Zavr\u0161io je mjesec Kraljice svibnja. Proslavili smo i Dan Dr\u017eave i [&hellip;]","og_url":"https:\/\/amdg.ffrz.hr\/?page_id=3071","og_site_name":"Ad maiorem Dei gloriam","article_publisher":"https:\/\/www.facebook.com\/paterniko","article_modified_time":"2020-06-02T06:41:00+00:00","twitter_card":"summary_large_image","twitter_misc":{"Procijenjeno vrijeme \u010ditanja":"1 minuta"},"schema":{"@context":"https:\/\/schema.org","@graph":[{"@type":"WebPage","@id":"https:\/\/amdg.ffrz.hr\/?page_id=3071","url":"https:\/\/amdg.ffrz.hr\/?page_id=3071","name":"Hebrejski jezik - Ad maiorem Dei gloriam","isPartOf":{"@id":"https:\/\/amdg.ffrz.hr\/#website"},"datePublished":"2020-02-26T10:45:29+00:00","dateModified":"2020-06-02T06:41:00+00:00","breadcrumb":{"@id":"https:\/\/amdg.ffrz.hr\/?page_id=3071#breadcrumb"},"inLanguage":"hr","potentialAction":[{"@type":"ReadAction","target":["https:\/\/amdg.ffrz.hr\/?page_id=3071"]}]},{"@type":"BreadcrumbList","@id":"https:\/\/amdg.ffrz.hr\/?page_id=3071#breadcrumb","itemListElement":[{"@type":"ListItem","position":1,"name":"Po\u010detna stranica","item":"https:\/\/amdg.ffrz.hr\/"},{"@type":"ListItem","position":2,"name":"Hebrejski jezik"}]},{"@type":"WebSite","@id":"https:\/\/amdg.ffrz.hr\/#website","url":"https:\/\/amdg.ffrz.hr\/","name":"Ad maiorem Dei gloriam","description":"doc. dr. sc. Niko Bili\u0107:  nastava, duhovnost i cjelo\u017eivotno u\u010denje","publisher":{"@id":"https:\/\/amdg.ffrz.hr\/#\/schema\/person\/a3d4a18838314f7054f7cdc4f4d45f4a"},"potentialAction":[{"@type":"SearchAction","target":{"@type":"EntryPoint","urlTemplate":"https:\/\/amdg.ffrz.hr\/?s={search_term_string}"},"query-input":{"@type":"PropertyValueSpecification","valueRequired":true,"valueName":"search_term_string"}}],"inLanguage":"hr"},{"@type":["Person","Organization"],"@id":"https:\/\/amdg.ffrz.hr\/#\/schema\/person\/a3d4a18838314f7054f7cdc4f4d45f4a","name":"Niko Bili\u0107 SJ","image":{"@type":"ImageObject","inLanguage":"hr","@id":"https:\/\/amdg.ffrz.hr\/#\/schema\/person\/image\/","url":"https:\/\/secure.gravatar.com\/avatar\/14c6ebb29114394312c36c8ab93231d11917870146d266275d4470c0b6c44b88?s=96&d=blank&r=g","contentUrl":"https:\/\/secure.gravatar.com\/avatar\/14c6ebb29114394312c36c8ab93231d11917870146d266275d4470c0b6c44b88?s=96&d=blank&r=g","caption":"Niko Bili\u0107 SJ"},"logo":{"@id":"https:\/\/amdg.ffrz.hr\/#\/schema\/person\/image\/"},"sameAs":["https:\/\/amdg.ffrz.hr","https:\/\/www.facebook.com\/paterniko","https:\/\/www.youtube.com\/user\/paterniko"]}]}},"_links":{"self":[{"href":"https:\/\/amdg.ffrz.hr\/index.php?rest_route=\/wp\/v2\/pages\/3071","targetHints":{"allow":["GET"]}}],"collection":[{"href":"https:\/\/amdg.ffrz.hr\/index.php?rest_route=\/wp\/v2\/pages"}],"about":[{"href":"https:\/\/amdg.ffrz.hr\/index.php?rest_route=\/wp\/v2\/types\/page"}],"author":[{"embeddable":true,"href":"https:\/\/amdg.ffrz.hr\/index.php?rest_route=\/wp\/v2\/users\/1"}],"replies":[{"embeddable":true,"href":"https:\/\/amdg.ffrz.hr\/index.php?rest_route=%2Fwp%2Fv2%2Fcomments&post=3071"}],"version-history":[{"count":7,"href":"https:\/\/amdg.ffrz.hr\/index.php?rest_route=\/wp\/v2\/pages\/3071\/revisions"}],"predecessor-version":[{"id":3320,"href":"https:\/\/amdg.ffrz.hr\/index.php?rest_route=\/wp\/v2\/pages\/3071\/revisions\/3320"}],"wp:attachment":[{"href":"https:\/\/amdg.ffrz.hr\/index.php?rest_route=%2Fwp%2Fv2%2Fmedia&parent=3071"}],"curies":[{"name":"wp","href":"https:\/\/api.w.org\/{rel}","templated":true}]}}