{"id":310,"date":"2017-03-06T10:31:27","date_gmt":"2017-03-06T09:31:27","guid":{"rendered":"https:\/\/amdg.ffdi.hr\/?page_id=310"},"modified":"2020-02-24T07:12:16","modified_gmt":"2020-02-24T06:12:16","slug":"prorostvo-i-apokaliptika","status":"publish","type":"page","link":"https:\/\/amdg.ffrz.hr\/?page_id=310","title":{"rendered":"Proro\u0161tvo i apokaliptika FTI 2016.\/17."},"content":{"rendered":"<p><em><a href=\"https:\/\/amdg.ffrz.hr\/amdg_grafike\/isaiahs-lips-anointed-with-fire.jpg\"><img loading=\"lazy\" decoding=\"async\" class=\"alignleft \" src=\"https:\/\/amdg.ffrz.hr\/amdg_grafike\/isaiahs-lips-anointed-with-fire.jpg\" width=\"183\" height=\"471\" \/><\/a>na studiju filozofije i teologije Filozofsko-teolo\u0161koga Instituta Dru\u017ebe Isusove, afiliranoga Papinskom sveu\u010dili\u0161tu Gregoriana <\/em>(<a href=\"https:\/\/www.ftidi.hr\">www.ftidi.hr<\/a>)<\/p>\n<p>doc. dr. sc. <strong>Niko Bili\u0107<\/strong>, SJ<br \/>\nTeolo\u0161ka dvorana, ponedjeljkom i petkom u 8:15<\/p>\n<p style=\"text-align: right;\">Stanje: <span style=\"color: #ff0000;\">13. 6. 2017.<\/span><\/p>\n<p><a href=\"https:\/\/amdg.ffrz.hr\/?p=470\">\u21d2 Upute za ispit<\/a><\/p>\n<p>1) 27.2.2017. <a href=\"https:\/\/amdg.ffrz.hr\/fti_proroci\/fti_proroci01_uvod.pdf\">PDF<\/a> * <a href=\"https:\/\/amdg.ffrz.hr\/fti_proroci\/fti_proroci01_uvod.ppt\">Uvod: fenomen proro\u0161tva u Judaizmu (.ppt)<\/a> * <a title=\"Abraham prorok (Post 20)\" href=\"https:\/\/amdg.eu\/2013\/11\/abraham-prorok\/\">Abraham, prorok<\/a> * <a href=\"https:\/\/amdg.ffrz.hr\/mojsijeprorok.php\">Mojsije &#8211; uzor budu\u0107ega proroka<\/a><\/p>\n<p>2) 3.3.2017. <a href=\"https:\/\/amdg.ffrz.hr\/fti_proroci\/fti_proroci02_abr_mirjam_mojsije_Iz.pdf\">PDF<\/a> * <a href=\"https:\/\/amdg.ffrz.hr\/fti_proroci\/fti_proroci02_abr_mirjam_mojsije_Iz.ppt\">Abraham, Mirjam, Mojsije; Prorok Izaija (.ppt)<\/a> * <a href=\"https:\/\/amdg.ffrz.hr\/iz6.php\">&#8220;Koga da po\u0161aljem?&#8221;<\/a> * <a href=\"https:\/\/amdg.ffrz.hr\/iz_svecenik.php\">Sve\u0107enik Izaija<\/a><\/p>\n<p>3) 6.3.2017. <a href=\"https:\/\/amdg.ffrz.hr\/fti_proroci\/fti_proroci03_emanuel.pdf\">PDF<\/a> * <a href=\"https:\/\/amdg.ffrz.hr\/fti_proroci\/fti_proroci03_emanuel.ppt\">Proro\u0161tvo o Emanuelu (Iz 7,14) &#8211; u izvornom kontekstu. Apokaliptika (.ppt)<\/a><\/p>\n<p>4) 10.3.2017. <a href=\"https:\/\/amdg.ffrz.hr\/fti_proroci\/fti_proroci04_iz60.pdf\">PDF<\/a> * <a href=\"https:\/\/amdg.ffrz.hr\/fti_proroci\/fti_proroci04_iz60.ppt\">Hodo\u010da\u0161\u0107e svjetskih naroda u Iz 60 (.ppt)<\/a> * <a href=\"https:\/\/amdg.ffrz.hr\/iz60.php\">Je li Iz 60 politi\u010dki program? <\/a><\/p>\n<p>5) 13.3.17. <a href=\"https:\/\/amdg.ffrz.hr\/fti_proroci\/fti_proroci05_jr.pdf\">PDF<\/a> * <a href=\"https:\/\/amdg.ffrz.hr\/fti_proroci\/fti_proroci05_jr.ppt\">Jeremijino zvanje (Jr 1), Novi Savez (Jr 31), Sudbina Knjige (Jr 36) .ppt<\/a> * <a href=\"https:\/\/amdg.ffrz.hr\/savezsrca.htm\">Savez srca u Jr 31 <\/a>* <a href=\"https:\/\/amdg.ffrz.hr\/jr_svecenik.php\">Jeremija, sve\u0107enik<\/a> * <a href=\"https:\/\/amdg.ffrz.hr\/jeremija.htm\">Prorok Jeremija<\/a> * <a href=\"https:\/\/amdg.ffrz.hr\/baruh.htm\">Baruh &#8211; blagoslovljeni tajnik prorokov<\/a> * <a href=\"https:\/\/amdg.ffrz.hr\/fti_proroci\/fti_proroci04_jeremija.ppt\">Jeremijino djelovanje (.ppt)<\/a><\/p>\n<p>6) 17.3.17. <a href=\"https:\/\/amdg.ffrz.hr\/fti_proroci\/fti_proroci06_jr33.pdf\">PDF<\/a> * <a href=\"https:\/\/amdg.ffrz.hr\/fti_proroci\/fti_proroci06_jr33.ppt\">Jr 33 &#8211; Nedoku\u010dive tajne proroka Jeremije (.ppt)<\/a> * <a href=\"https:\/\/amdg.ffrz.hr\/jr33hrv.htm\">Nedoku\u010dive tajne proroka Jeremije<\/a><\/p>\n<p>7) 20.3.17. <a href=\"https:\/\/amdg.ffrz.hr\/fti_proroci\/fti_proroci07_ez.pdf\">PDF<\/a> * <a title=\"Quaestiones selectae Novi Testamenti\" href=\"https:\/\/amdg.ffrz.hr\/fti_proroci\/fti_proroci07_ez.ppt\">Prorok Ezekiel (.ppt)<\/a> * <a href=\"https:\/\/amdg.ffrz.hr\/ez_svecenik.php\">Ezekiel \u2013 prorok sve\u0107enik<\/a> * <a href=\"https:\/\/amdg.ffrz.hr\/ez2s.htm\">Zvanje i zada\u0107a proroka Ezekiela<\/a> * <a href=\"https:\/\/amdg.ffrz.hr\/zivosrce.htm\">\u017divo srce (Ez 36,22\u201328)<\/a><\/p>\n<p>8) 24.3.17. <a href=\"https:\/\/amdg.ffrz.hr\/fti_proroci\/fti_proroci08_ez34.pdf\">PDF<\/a> * <a href=\"https:\/\/amdg.ffrz.hr\/fti_proroci\/fti_proroci08_ez34.ppt\">Novi pastir u Ez 34. Dvostruki sud Bo\u017eji nad Izraelom (.ppt)<\/a> * <a href=\"https:\/\/amdg.ffrz.hr\/fti_proroci\/fti_proroci08a_ez36_zivosrce.pdf\">PDF<\/a> * <a href=\"https:\/\/amdg.ffrz.hr\/fti_proroci\/fti_proroci08a_ez36_zivosrce.ppt\">Novo srce (Ez 36)<\/a><\/p>\n<p>9) 27.3.17. <a href=\"https:\/\/amdg.ffrz.hr\/fti_proroci\/fti_proroci09_dn_azr.pdf\">PDF<\/a> * <a title=\"Sukob Ezava i Jakova\" href=\"https:\/\/amdg.ffrz.hr\/fti_proroci\/fti_proroci09_dn_azr.ppt\">Daniel &#8211; prorok mudrac; Azarjina molitva (Dn 3,25-45);<\/a> * <a title=\"Azarjina molitva (Dn 3,25-42)\" href=\"https:\/\/amdg.eu\/2012\/04\/azarjina-molitva\/\">Azarjina molitva<\/a><\/p>\n<p>10) 31.3.17. <a href=\"https:\/\/amdg.ffrz.hr\/fti_proroci\/fti_proroci10_XII_am.pdf\">PDF<\/a> * <a href=\"https:\/\/amdg.ffrz.hr\/fti_proroci\/fti_proroci10_XII_am.ppt\">Mali proroci; Amos (.ppt)<\/a> * <a href=\"https:\/\/amdg.ffrz.hr\/am7.htm\">Zvanje proroka Amosa<\/a> * <a href=\"https:\/\/amdg.ffrz.hr\/amos.htm\">Imenom zazvan<\/a><\/p>\n<p>11) 3.4.17. <a href=\"https:\/\/amdg.ffrz.hr\/fti_proroci\/fti_proroci11_hosea.pdf\">PDF<\/a> * <a href=\"https:\/\/amdg.ffrz.hr\/fti_proroci\/fti_proroci11_hosea.ppt\">Ho\u0161ea &#8211; prorok spoznaje (.ppt)<\/a><\/p>\n<p>12) 7.4.17. <a href=\"https:\/\/amdg.ffrz.hr\/fti_proroci\/fti_proroci12_joel_ob.pdf\">PDF<\/a> * <a href=\"https:\/\/amdg.ffrz.hr\/fti_proroci\/fti_proroci12_joel_ob.ppt\">Joel; Obadija (.ppt)<\/a><\/p>\n<p>13) 24.4.17. <a href=\"https:\/\/amdg.ffrz.hr\/fti_proroci\/fti_proroci13_jona_mih.pdf\">PDF<\/a> * <a href=\"https:\/\/amdg.ffrz.hr\/fti_proroci\/fti_proroci13_jona_mih.ppt\">Jonin proro\u010dki uspjeh; Mihej -teolog ostatka (.ppt)<\/a> * <a href=\"https:\/\/amdg.ffrz.hr\/mih.php\">Mihej \u2013 teolog Ostatka<\/a> * <a title=\"Jonina druga molitva (Jon 4)\" href=\"https:\/\/amdg.eu\/2012\/04\/jonina-druga-molitva\/\">Jonina druga molitva<\/a> * <a href=\"https:\/\/amdg.ffrz.hr\/jona.php\">Jedan dan u slu\u017ebi. Proro\u010dka depresija u Knjizi o Joni<\/a> * <a title=\"Znak Jonin\" href=\"https:\/\/amdg.eu\/2013\/05\/znak-jonin\/\">Znak Jonin<\/a><\/p>\n<p>14) 28.4.17. <a href=\"https:\/\/amdg.ffrz.hr\/fti_proroci\/fti_proroci14_nah_hab.pdf\">PDF<\/a> * <a href=\"https:\/\/amdg.ffrz.hr\/fti_proroci\/fti_proroci14_nah_hab.ppt\">Nahum &#8211; prorok osvete Gospodnje; Habakuk &#8211; prorok molitelj (.ppt)<\/a><\/p>\n<p>15) 5.5.17. <a href=\"https:\/\/amdg.ffrz.hr\/fti_proroci\/fti_proroci15_sef_hag.pdf\">PDF<\/a> * <a href=\"https:\/\/amdg.ffrz.hr\/fti_proroci\/fti_proroci15_sef_hag.ppt\">Sefanija; Hagaj (.ppt)<\/a><\/p>\n<p>16) 8.5.17. <a href=\"https:\/\/amdg.ffrz.hr\/fti_proroci\/fti_proroci16_zah_mal.pdf\">PDF<\/a> * <a href=\"https:\/\/amdg.ffrz.hr\/fti_proroci\/fti_proroci16_zah_mal.ppt\">Zaharija; Malahija (.ppt)<\/a><\/p>\n<p>17) 12.5.17. <a href=\"https:\/\/amdg.ffrz.hr\/fti_proroci\/fti_proroci17_tuz_bar.pdf\">PDF<\/a> * <a href=\"https:\/\/amdg.ffrz.hr\/fti_proroci\/fti_proroci17_tuz_bar.ppt\">Tu\u017ealjke; Baruh (.ppt)<\/a><\/p>\n<p>18) 15.5.17. <a href=\"https:\/\/amdg.ffrz.hr\/fti_proroci\/fti_proroci18_iz61_66.pdf\">PDF<\/a> * <a href=\"https:\/\/amdg.ffrz.hr\/fti_proroci\/fti_proroci18_iz61_66.ppt\">Zavr\u0161etak Knjige proroka Izaije (Iz 61-66)<\/a><\/p>\n<p>19) 19.5.17. <a href=\"https:\/\/amdg.ffrz.hr\/fti_proroci\/fti_proroci18_siromastvoXII_narodiXII.pdf\">Okrilje u imenu Jahvinu; Izrael i narodi kod Malih proroka (PDF)<\/a> * <a href=\"https:\/\/amdg.ffrz.hr\/fti_proroci\/fti_proroci18_siromastvoXII_narodiXII.ppt\">(.PPT)<\/a> * <a href=\"https:\/\/amdg.ffrz.hr\/?p=2829\">Siroma\u0161tvo kod Malih proroka<\/a><\/p>\n<p>20) 26.5.17. <a href=\"https:\/\/amdg.ffrz.hr\/fti_proroci\/fti_proroci19_iz37_39_jr37s.pdf\">PDF<\/a> * <a href=\"https:\/\/amdg.ffrz.hr\/fti_proroci\/fti_proroci19_iz37_39_jr37s.ppt\">Lik kralja Ezekije u Knjizi proroka Izaije (Iz 37-39); Jeremija pred pad Jeruzalema (Jr 37s) .ppt<\/a><\/p>\n<p>9.6.17. <a href=\"https:\/\/amdg.ffrz.hr\/fti_proroci\/proroci_kolokvij.pdf\">PDF<\/a> * <a href=\"https:\/\/amdg.ffrz.hr\/fti_proroci\/fti_proroci_kolokvij.ppt\">Ponavljanje.ppt<\/a> * <a href=\"https:\/\/amdg.ffrz.hr\/?p=461\">Ponavljanje: izabrana pitanja i odgovori<\/a><\/p>\n<p>***<\/p>\n<p>LITERATURA:<\/p>\n<ul>\n<li>Biblijski tekst<\/li>\n<li>Bo\u017eo Luji\u0107, Starozavjetni proroci, KS, 2015 <a href=\"https:\/\/www.ks.hr\/starozavjetni-proroci~2\">https:\/\/www.ks.hr\/starozavjetni-proroci~2<\/a><\/li>\n<li><strong><a title=\"\u0161to se odnosi na Povijesne knjige pripada u &quot;Petoknji\u017eje i povijesne knjige&quot;\" href=\"https:\/\/amdg.ffrz.hr\/fti_proroci\/Proroci-i-njihovo-vrijeme.pdf\" target=\"_blank\" rel=\"noopener noreferrer\">M. Mati\u0107, Proroci i njihovo vrijeme (.pdf)<\/a><\/strong><\/li>\n<li>J. Barton, Oracles of God: Perceptions of Ancient Prophecy in Israel after the Exile (Oxford \u2013 New York: Oxford University Press, 2007).<\/li>\n<li>J. Blenkinsopp, A History of Prophecy in Israel (Louisville, KY: Westminster \u2013 John Knox Press, 1983, 21996)<\/li>\n<\/ul>\n<p>***<\/p>\n<blockquote><p>Cijenjeni i dragi studenti na FTI, srda\u010dno hvala na zanimanju i marljivosti! Predmet &#8220;Proro\u0161tvo i apokaliptika&#8221; od po\u010detka ima jasnu svrhu: \u0160to bolje upoznati \u2013 odgovorno i pravedno prema pisanoj Bo\u017ejoj Rije\u010di \u2013 Proro\u010dke knjige Staroga zavjeta u Svetom pismu. U tome kao uvod i pratnja poma\u017ee i stru\u010dna literatura. U ispitnom vremenu prilika je da poka\u017eete koliko ste u tom poslu bili uspje\u0161ni!<\/p>\n<p>Za prolaznu ocjenu na ispitu, uz pregled gradiva s predavanja dostupan ovdje na <a href=\"https:\/\/amdg.ffrz.hr\/?page_id=310\">https:\/\/amdg.ffrz.hr\/?page_id=310<\/a>, mo\u017ee se po vlastitom izboru uzeti jedan &#8220;veliki&#8221;, jedan &#8220;mali prorok&#8221; i jedna tema koju proroci obra\u0111uju. Radi didaktike mo\u017ee se jednu to\u010dku pripraviti za rad s djecom, drugu za odrasle, a tre\u0107u za znanstveni simpozij. Najvi\u0161e uvijek vrijedi \u0161to preciznije poznavanje biblijskoga teksta. Ispitni rokovi su 14. i 28. lipnja te 6. i 13. rujna 2017., ispiti se redovito odr\u017eavaju u uredu br. 118 na 1. katu Fakulteta. Po obi\u010daju u slu\u010daju velikog broj pristupnika, vrijede i idu\u0107i dani. Vrijeme konzultacija u semestru vrijedi kao izvanredni ispitni rok (obi\u010dno srijedom u 11.00 h). Na vratima ureda obi\u010dno je okvirni raspored u koji se mo\u017eete upisati radi boljeg planiranja vremena.<\/p>\n<p>Puno blagoslova i uspjeha! Dobro do\u0161li!<\/p><\/blockquote>\n<p>Pregled prija\u0161nje nastave:<\/p>\n<p><a href=\"https:\/\/amdg.eu\/old_proroci2014\/\">Proro\u0161tvo i apokaliptika (2014.)<\/a><\/p>\n<p><a href=\"https:\/\/amdg.ffrz.hr\/prophetae.php\">Prophetae maiores et minores (2010.) <\/a> * <a href=\"https:\/\/amdg.ffrz.hr\/proroci.htm\">Proroci na amdg.ffrz.hr<\/a><\/p>\n<p><a title=\"Proroci na TFMVI\" href=\"https:\/\/amdg.eu\/nastava\/tfmvi\/proroci-na-tfmvi\/\">Proroci na Teolo\u0161kom fakultetu Matija Vla\u010di\u0107 Ilirik (2015.\/1.)<\/a><\/p>\n<p><a href=\"https:\/\/amdg.eu\/hkvrpp\/\">Proroci i psalmi pri Hrvatskoj konferenciji vi\u0161ih redovni\u010dkih poglavara i poglavarica<\/a><\/p>\n","protected":false},"excerpt":{"rendered":"<p>na studiju filozofije i teologije Filozofsko-teolo\u0161koga Instituta Dru\u017ebe Isusove, afiliranoga Papinskom sveu\u010dili\u0161tu Gregoriana (www.ftidi.hr) doc. dr. sc. Niko Bili\u0107, SJ Teolo\u0161ka dvorana, ponedjeljkom i petkom u 8:15 Stanje: 13. 6. 2017. \u21d2 Upute za ispit 1) 27.2.2017. PDF * Uvod: fenomen proro\u0161tva u Judaizmu (.ppt) * Abraham, prorok * Mojsije &#8211; uzor budu\u0107ega proroka 2) [&hellip;]<\/p>\n","protected":false},"author":1,"featured_media":0,"parent":147,"menu_order":1,"comment_status":"closed","ping_status":"closed","template":"","meta":{"footnotes":""},"class_list":["post-310","page","type-page","status-publish","hentry"],"yoast_head":"<!-- This site is optimized with the Yoast SEO plugin v26.0 - https:\/\/yoast.com\/wordpress\/plugins\/seo\/ -->\n<title>Proro\u0161tvo i apokaliptika FTI 2016.\/17. - Ad maiorem Dei gloriam<\/title>\n<meta name=\"robots\" content=\"index, follow, max-snippet:-1, max-image-preview:large, max-video-preview:-1\" \/>\n<link rel=\"canonical\" href=\"https:\/\/amdg.ffrz.hr\/?page_id=310\" \/>\n<meta property=\"og:locale\" content=\"hr_HR\" \/>\n<meta property=\"og:type\" content=\"article\" \/>\n<meta property=\"og:title\" content=\"Proro\u0161tvo i apokaliptika FTI 2016.\/17. - Ad maiorem Dei gloriam\" \/>\n<meta property=\"og:description\" content=\"na studiju filozofije i teologije Filozofsko-teolo\u0161koga Instituta Dru\u017ebe Isusove, afiliranoga Papinskom sveu\u010dili\u0161tu Gregoriana (www.ftidi.hr) doc. dr. sc. Niko Bili\u0107, SJ Teolo\u0161ka dvorana, ponedjeljkom i petkom u 8:15 Stanje: 13. 6. 2017. \u21d2 Upute za ispit 1) 27.2.2017. PDF * Uvod: fenomen proro\u0161tva u Judaizmu (.ppt) * Abraham, prorok * Mojsije &#8211; uzor budu\u0107ega proroka 2) [&hellip;]\" \/>\n<meta property=\"og:url\" content=\"https:\/\/amdg.ffrz.hr\/?page_id=310\" \/>\n<meta property=\"og:site_name\" content=\"Ad maiorem Dei gloriam\" \/>\n<meta property=\"article:publisher\" content=\"https:\/\/www.facebook.com\/paterniko\" \/>\n<meta property=\"article:modified_time\" content=\"2020-02-24T06:12:16+00:00\" \/>\n<meta property=\"og:image\" content=\"https:\/\/amdg.ffrz.hr\/amdg_grafike\/isaiahs-lips-anointed-with-fire.jpg\" \/>\n<meta name=\"twitter:card\" content=\"summary_large_image\" \/>\n<meta name=\"twitter:label1\" content=\"Procijenjeno vrijeme \u010ditanja\" \/>\n\t<meta name=\"twitter:data1\" content=\"3 minute\" \/>\n<script type=\"application\/ld+json\" class=\"yoast-schema-graph\">{\"@context\":\"https:\/\/schema.org\",\"@graph\":[{\"@type\":\"WebPage\",\"@id\":\"https:\/\/amdg.ffrz.hr\/?page_id=310\",\"url\":\"https:\/\/amdg.ffrz.hr\/?page_id=310\",\"name\":\"Proro\u0161tvo i apokaliptika FTI 2016.\/17. - Ad maiorem Dei gloriam\",\"isPartOf\":{\"@id\":\"https:\/\/amdg.ffrz.hr\/#website\"},\"primaryImageOfPage\":{\"@id\":\"https:\/\/amdg.ffrz.hr\/?page_id=310#primaryimage\"},\"image\":{\"@id\":\"https:\/\/amdg.ffrz.hr\/?page_id=310#primaryimage\"},\"thumbnailUrl\":\"https:\/\/amdg.ffrz.hr\/amdg_grafike\/isaiahs-lips-anointed-with-fire.jpg\",\"datePublished\":\"2017-03-06T09:31:27+00:00\",\"dateModified\":\"2020-02-24T06:12:16+00:00\",\"breadcrumb\":{\"@id\":\"https:\/\/amdg.ffrz.hr\/?page_id=310#breadcrumb\"},\"inLanguage\":\"hr\",\"potentialAction\":[{\"@type\":\"ReadAction\",\"target\":[\"https:\/\/amdg.ffrz.hr\/?page_id=310\"]}]},{\"@type\":\"ImageObject\",\"inLanguage\":\"hr\",\"@id\":\"https:\/\/amdg.ffrz.hr\/?page_id=310#primaryimage\",\"url\":\"https:\/\/amdg.ffrz.hr\/amdg_grafike\/isaiahs-lips-anointed-with-fire.jpg\",\"contentUrl\":\"https:\/\/amdg.ffrz.hr\/amdg_grafike\/isaiahs-lips-anointed-with-fire.jpg\"},{\"@type\":\"BreadcrumbList\",\"@id\":\"https:\/\/amdg.ffrz.hr\/?page_id=310#breadcrumb\",\"itemListElement\":[{\"@type\":\"ListItem\",\"position\":1,\"name\":\"Po\u010detna stranica\",\"item\":\"https:\/\/amdg.ffrz.hr\/\"},{\"@type\":\"ListItem\",\"position\":2,\"name\":\"Nastava\",\"item\":\"https:\/\/amdg.ffrz.hr\/?page_id=40\"},{\"@type\":\"ListItem\",\"position\":3,\"name\":\"Filozofsko-teolo\u0161ki institut Dru\u017ebe Isusove (FTI)\",\"item\":\"https:\/\/amdg.ffrz.hr\/?page_id=147\"},{\"@type\":\"ListItem\",\"position\":4,\"name\":\"Proro\u0161tvo i apokaliptika FTI 2016.\/17.\"}]},{\"@type\":\"WebSite\",\"@id\":\"https:\/\/amdg.ffrz.hr\/#website\",\"url\":\"https:\/\/amdg.ffrz.hr\/\",\"name\":\"Ad maiorem Dei gloriam\",\"description\":\"doc. dr. sc. Niko Bili\u0107:  nastava, duhovnost i cjelo\u017eivotno u\u010denje\",\"publisher\":{\"@id\":\"https:\/\/amdg.ffrz.hr\/#\/schema\/person\/a3d4a18838314f7054f7cdc4f4d45f4a\"},\"potentialAction\":[{\"@type\":\"SearchAction\",\"target\":{\"@type\":\"EntryPoint\",\"urlTemplate\":\"https:\/\/amdg.ffrz.hr\/?s={search_term_string}\"},\"query-input\":{\"@type\":\"PropertyValueSpecification\",\"valueRequired\":true,\"valueName\":\"search_term_string\"}}],\"inLanguage\":\"hr\"},{\"@type\":[\"Person\",\"Organization\"],\"@id\":\"https:\/\/amdg.ffrz.hr\/#\/schema\/person\/a3d4a18838314f7054f7cdc4f4d45f4a\",\"name\":\"Niko Bili\u0107 SJ\",\"image\":{\"@type\":\"ImageObject\",\"inLanguage\":\"hr\",\"@id\":\"https:\/\/amdg.ffrz.hr\/#\/schema\/person\/image\/\",\"url\":\"https:\/\/secure.gravatar.com\/avatar\/14c6ebb29114394312c36c8ab93231d11917870146d266275d4470c0b6c44b88?s=96&d=blank&r=g\",\"contentUrl\":\"https:\/\/secure.gravatar.com\/avatar\/14c6ebb29114394312c36c8ab93231d11917870146d266275d4470c0b6c44b88?s=96&d=blank&r=g\",\"caption\":\"Niko Bili\u0107 SJ\"},\"logo\":{\"@id\":\"https:\/\/amdg.ffrz.hr\/#\/schema\/person\/image\/\"},\"sameAs\":[\"https:\/\/amdg.ffrz.hr\",\"https:\/\/www.facebook.com\/paterniko\",\"https:\/\/www.youtube.com\/user\/paterniko\"]}]}<\/script>\n<!-- \/ Yoast SEO plugin. -->","yoast_head_json":{"title":"Proro\u0161tvo i apokaliptika FTI 2016.\/17. - Ad maiorem Dei gloriam","robots":{"index":"index","follow":"follow","max-snippet":"max-snippet:-1","max-image-preview":"max-image-preview:large","max-video-preview":"max-video-preview:-1"},"canonical":"https:\/\/amdg.ffrz.hr\/?page_id=310","og_locale":"hr_HR","og_type":"article","og_title":"Proro\u0161tvo i apokaliptika FTI 2016.\/17. - Ad maiorem Dei gloriam","og_description":"na studiju filozofije i teologije Filozofsko-teolo\u0161koga Instituta Dru\u017ebe Isusove, afiliranoga Papinskom sveu\u010dili\u0161tu Gregoriana (www.ftidi.hr) doc. dr. sc. Niko Bili\u0107, SJ Teolo\u0161ka dvorana, ponedjeljkom i petkom u 8:15 Stanje: 13. 6. 2017. \u21d2 Upute za ispit 1) 27.2.2017. PDF * Uvod: fenomen proro\u0161tva u Judaizmu (.ppt) * Abraham, prorok * Mojsije &#8211; uzor budu\u0107ega proroka 2) [&hellip;]","og_url":"https:\/\/amdg.ffrz.hr\/?page_id=310","og_site_name":"Ad maiorem Dei gloriam","article_publisher":"https:\/\/www.facebook.com\/paterniko","article_modified_time":"2020-02-24T06:12:16+00:00","og_image":[{"url":"https:\/\/amdg.ffrz.hr\/amdg_grafike\/isaiahs-lips-anointed-with-fire.jpg","type":"","width":"","height":""}],"twitter_card":"summary_large_image","twitter_misc":{"Procijenjeno vrijeme \u010ditanja":"3 minute"},"schema":{"@context":"https:\/\/schema.org","@graph":[{"@type":"WebPage","@id":"https:\/\/amdg.ffrz.hr\/?page_id=310","url":"https:\/\/amdg.ffrz.hr\/?page_id=310","name":"Proro\u0161tvo i apokaliptika FTI 2016.\/17. - Ad maiorem Dei gloriam","isPartOf":{"@id":"https:\/\/amdg.ffrz.hr\/#website"},"primaryImageOfPage":{"@id":"https:\/\/amdg.ffrz.hr\/?page_id=310#primaryimage"},"image":{"@id":"https:\/\/amdg.ffrz.hr\/?page_id=310#primaryimage"},"thumbnailUrl":"https:\/\/amdg.ffrz.hr\/amdg_grafike\/isaiahs-lips-anointed-with-fire.jpg","datePublished":"2017-03-06T09:31:27+00:00","dateModified":"2020-02-24T06:12:16+00:00","breadcrumb":{"@id":"https:\/\/amdg.ffrz.hr\/?page_id=310#breadcrumb"},"inLanguage":"hr","potentialAction":[{"@type":"ReadAction","target":["https:\/\/amdg.ffrz.hr\/?page_id=310"]}]},{"@type":"ImageObject","inLanguage":"hr","@id":"https:\/\/amdg.ffrz.hr\/?page_id=310#primaryimage","url":"https:\/\/amdg.ffrz.hr\/amdg_grafike\/isaiahs-lips-anointed-with-fire.jpg","contentUrl":"https:\/\/amdg.ffrz.hr\/amdg_grafike\/isaiahs-lips-anointed-with-fire.jpg"},{"@type":"BreadcrumbList","@id":"https:\/\/amdg.ffrz.hr\/?page_id=310#breadcrumb","itemListElement":[{"@type":"ListItem","position":1,"name":"Po\u010detna stranica","item":"https:\/\/amdg.ffrz.hr\/"},{"@type":"ListItem","position":2,"name":"Nastava","item":"https:\/\/amdg.ffrz.hr\/?page_id=40"},{"@type":"ListItem","position":3,"name":"Filozofsko-teolo\u0161ki institut Dru\u017ebe Isusove (FTI)","item":"https:\/\/amdg.ffrz.hr\/?page_id=147"},{"@type":"ListItem","position":4,"name":"Proro\u0161tvo i apokaliptika FTI 2016.\/17."}]},{"@type":"WebSite","@id":"https:\/\/amdg.ffrz.hr\/#website","url":"https:\/\/amdg.ffrz.hr\/","name":"Ad maiorem Dei gloriam","description":"doc. dr. sc. Niko Bili\u0107:  nastava, duhovnost i cjelo\u017eivotno u\u010denje","publisher":{"@id":"https:\/\/amdg.ffrz.hr\/#\/schema\/person\/a3d4a18838314f7054f7cdc4f4d45f4a"},"potentialAction":[{"@type":"SearchAction","target":{"@type":"EntryPoint","urlTemplate":"https:\/\/amdg.ffrz.hr\/?s={search_term_string}"},"query-input":{"@type":"PropertyValueSpecification","valueRequired":true,"valueName":"search_term_string"}}],"inLanguage":"hr"},{"@type":["Person","Organization"],"@id":"https:\/\/amdg.ffrz.hr\/#\/schema\/person\/a3d4a18838314f7054f7cdc4f4d45f4a","name":"Niko Bili\u0107 SJ","image":{"@type":"ImageObject","inLanguage":"hr","@id":"https:\/\/amdg.ffrz.hr\/#\/schema\/person\/image\/","url":"https:\/\/secure.gravatar.com\/avatar\/14c6ebb29114394312c36c8ab93231d11917870146d266275d4470c0b6c44b88?s=96&d=blank&r=g","contentUrl":"https:\/\/secure.gravatar.com\/avatar\/14c6ebb29114394312c36c8ab93231d11917870146d266275d4470c0b6c44b88?s=96&d=blank&r=g","caption":"Niko Bili\u0107 SJ"},"logo":{"@id":"https:\/\/amdg.ffrz.hr\/#\/schema\/person\/image\/"},"sameAs":["https:\/\/amdg.ffrz.hr","https:\/\/www.facebook.com\/paterniko","https:\/\/www.youtube.com\/user\/paterniko"]}]}},"_links":{"self":[{"href":"https:\/\/amdg.ffrz.hr\/index.php?rest_route=\/wp\/v2\/pages\/310","targetHints":{"allow":["GET"]}}],"collection":[{"href":"https:\/\/amdg.ffrz.hr\/index.php?rest_route=\/wp\/v2\/pages"}],"about":[{"href":"https:\/\/amdg.ffrz.hr\/index.php?rest_route=\/wp\/v2\/types\/page"}],"author":[{"embeddable":true,"href":"https:\/\/amdg.ffrz.hr\/index.php?rest_route=\/wp\/v2\/users\/1"}],"replies":[{"embeddable":true,"href":"https:\/\/amdg.ffrz.hr\/index.php?rest_route=%2Fwp%2Fv2%2Fcomments&post=310"}],"version-history":[{"count":61,"href":"https:\/\/amdg.ffrz.hr\/index.php?rest_route=\/wp\/v2\/pages\/310\/revisions"}],"predecessor-version":[{"id":3019,"href":"https:\/\/amdg.ffrz.hr\/index.php?rest_route=\/wp\/v2\/pages\/310\/revisions\/3019"}],"up":[{"embeddable":true,"href":"https:\/\/amdg.ffrz.hr\/index.php?rest_route=\/wp\/v2\/pages\/147"}],"wp:attachment":[{"href":"https:\/\/amdg.ffrz.hr\/index.php?rest_route=%2Fwp%2Fv2%2Fmedia&parent=310"}],"curies":[{"name":"wp","href":"https:\/\/api.w.org\/{rel}","templated":true}]}}